{"id":21676,"date":"2011-04-10T15:47:00","date_gmt":"2011-04-10T13:47:00","guid":{"rendered":"http:\/\/www.gdansk.baptysci.pl\/?page_id=21676"},"modified":"2023-02-18T17:15:14","modified_gmt":"2023-02-18T15:15:14","slug":"wielkanoce-spotkanie-z-biblia-i-muzyka-henryk-skrzypkowski","status":"publish","type":"page","link":"http:\/\/www.gdansk.baptysci.pl\/index.php\/wielkanoce-spotkanie-z-biblia-i-muzyka-henryk-skrzypkowski\/","title":{"rendered":"Wielkanoce spotkanie z Bibli\u0105 i muzyk\u0105 &#8211; Henryk Skrzypkowski"},"content":{"rendered":"\n<p><a href=\"http:\/\/www.gdansk.baptysci.pl\/index.php\/konferencje\/\" data-type=\"URL\" data-id=\"http:\/\/www.gdansk.baptysci.pl\/index.php\/konferencje\/\">&lt;&lt;Konferencje i wyk\u0142ady<\/a><\/p>\n\n\n\n<p class=\"has-text-align-center\">2011.04.08-10<\/p>\n\n\n\n<hr class=\"wp-block-separator has-alpha-channel-opacity is-style-dots\"\/>\n\n\n\n<div class=\"is-layout-flex wp-container-3 wp-block-columns\">\n<div class=\"is-layout-flow wp-block-column\" style=\"flex-basis:33.33%\">\n<figure class=\"wp-block-image size-medium\"><a href=\"http:\/\/www.gdansk.baptysci.pl\/wp-content\/uploads\/2023\/01\/henryk-edited-1.jpg\"><img data-attachment-id=\"20166\" data-permalink=\"http:\/\/www.gdansk.baptysci.pl\/henryk-3\/\" data-orig-file=\"http:\/\/www.gdansk.baptysci.pl\/wp-content\/uploads\/2023\/01\/henryk-edited-1.jpg\" data-orig-size=\"327,491\" data-comments-opened=\"1\" data-image-meta=\"{&quot;aperture&quot;:&quot;1.8&quot;,&quot;credit&quot;:&quot;&quot;,&quot;camera&quot;:&quot;Canon EOS 5D&quot;,&quot;caption&quot;:&quot;&quot;,&quot;created_timestamp&quot;:&quot;1288788194&quot;,&quot;copyright&quot;:&quot;&quot;,&quot;focal_length&quot;:&quot;50&quot;,&quot;iso&quot;:&quot;1250&quot;,&quot;shutter_speed&quot;:&quot;0.016666666666667&quot;,&quot;title&quot;:&quot;&quot;,&quot;orientation&quot;:&quot;1&quot;}\" data-image-title=\"henryk skrzypkowski\" data-image-description=\"\" data-image-caption=\"\" data-medium-file=\"http:\/\/www.gdansk.baptysci.pl\/wp-content\/uploads\/2023\/01\/henryk-edited-1-200x300.jpg\" data-large-file=\"http:\/\/www.gdansk.baptysci.pl\/wp-content\/uploads\/2023\/01\/henryk-edited-1.jpg\" decoding=\"async\" loading=\"lazy\" width=\"200\" height=\"300\" src=\"http:\/\/www.gdansk.baptysci.pl\/wp-content\/uploads\/2023\/01\/henryk-edited-1-200x300.jpg\" alt=\"\" class=\"wp-image-20166\" srcset=\"http:\/\/www.gdansk.baptysci.pl\/wp-content\/uploads\/2023\/01\/henryk-edited-1-200x300.jpg 200w, http:\/\/www.gdansk.baptysci.pl\/wp-content\/uploads\/2023\/01\/henryk-edited-1.jpg 327w\" sizes=\"(max-width: 200px) 85vw, 200px\" \/><\/a><\/figure>\n<\/div>\n\n\n\n<div class=\"is-layout-flow wp-block-column\" style=\"flex-basis:66.66%\">\n<p>Wyk\u0142ad 1 &#8211; Czy wszystkie drogi prowadz\u0105 do Boga?<\/p>\n\n\n\n<figure class=\"wp-block-audio\"><audio controls src=\"https:\/\/onedrive.live.com\/download?cid=DEE334F5CF11DD5D&amp;resid=DEE334F5CF11DD5D%21775&amp;authkey=APr2RPLp2SkuRfo\"><\/audio><\/figure>\n\n\n\n<hr class=\"wp-block-separator has-alpha-channel-opacity\"\/>\n\n\n\n<p>Wyk\u0142ad 2 -Czy cz\u0142owiek jest z natury z\u0142y?<\/p>\n\n\n\n<figure class=\"wp-block-audio\"><audio controls src=\"https:\/\/onedrive.live.com\/download?cid=DEE334F5CF11DD5D&amp;resid=DEE334F5CF11DD5D%21777&amp;authkey=AJJAXgD9sT0e6eA\"><\/audio><\/figure>\n\n\n\n<hr class=\"wp-block-separator has-alpha-channel-opacity\"\/>\n\n\n\n<p>Wyk\u0142ad 3 &#8211; \u015amier\u0107: koniec czy pocz\u0105tek?<\/p>\n\n\n\n<figure class=\"wp-block-audio\"><audio controls src=\"https:\/\/onedrive.live.com\/download?cid=DEE334F5CF11DD5D&amp;resid=DEE334F5CF11DD5D%21776&amp;authkey=AP1HPWOju1L4nwo\"><\/audio><\/figure>\n<\/div>\n<\/div>\n","protected":false},"excerpt":{"rendered":"<p>&lt;&lt;Konferencje i wyk\u0142ady 2011.04.08-10 Wyk\u0142ad 1 &#8211; Czy wszystkie drogi prowadz\u0105 do Boga? Wyk\u0142ad 2 -Czy cz\u0142owiek jest z natury z\u0142y? Wyk\u0142ad 3 &#8211; \u015amier\u0107: koniec czy pocz\u0105tek?<\/p>\n","protected":false},"author":33,"featured_media":0,"parent":0,"menu_order":0,"comment_status":"closed","ping_status":"closed","template":"","meta":[],"jetpack_sharing_enabled":true,"_links":{"self":[{"href":"http:\/\/www.gdansk.baptysci.pl\/index.php\/wp-json\/wp\/v2\/pages\/21676"}],"collection":[{"href":"http:\/\/www.gdansk.baptysci.pl\/index.php\/wp-json\/wp\/v2\/pages"}],"about":[{"href":"http:\/\/www.gdansk.baptysci.pl\/index.php\/wp-json\/wp\/v2\/types\/page"}],"author":[{"embeddable":true,"href":"http:\/\/www.gdansk.baptysci.pl\/index.php\/wp-json\/wp\/v2\/users\/33"}],"replies":[{"embeddable":true,"href":"http:\/\/www.gdansk.baptysci.pl\/index.php\/wp-json\/wp\/v2\/comments?post=21676"}],"version-history":[{"count":1,"href":"http:\/\/www.gdansk.baptysci.pl\/index.php\/wp-json\/wp\/v2\/pages\/21676\/revisions"}],"predecessor-version":[{"id":21689,"href":"http:\/\/www.gdansk.baptysci.pl\/index.php\/wp-json\/wp\/v2\/pages\/21676\/revisions\/21689"}],"wp:attachment":[{"href":"http:\/\/www.gdansk.baptysci.pl\/index.php\/wp-json\/wp\/v2\/media?parent=21676"}],"curies":[{"name":"wp","href":"https:\/\/api.w.org\/{rel}","templated":true}]}}

Wielkanoce spotkanie z Biblią i muzyką &#8211; Henryk Skrzypkowski

<p><a href="http://www.gdansk.baptysci.pl/index.php/konferencje/" data-type="URL" data-id="http://www.gdansk.baptysci.pl/index.php/konferencje/">&lt;&lt;Konferencje i wykłady</a></p>



<p class="has-text-align-center">2011.04.08-10</p>



<hr class="wp-block-separator has-alpha-channel-opacity is-style-dots"/>



<div class="is-layout-flex wp-container-3 wp-block-columns">
<div class="is-layout-flow wp-block-column" style="flex-basis:33.33%">
<figure class="wp-block-image size-medium"><a href="http://www.gdansk.baptysci.pl/wp-content/uploads/2023/01/henryk-edited-1.jpg"><img data-attachment-id="20166" data-permalink="http://www.gdansk.baptysci.pl/henryk-3/" data-orig-file="http://www.gdansk.baptysci.pl/wp-content/uploads/2023/01/henryk-edited-1.jpg" data-orig-size="327,491" data-comments-opened="1" data-image-meta="{&quot;aperture&quot;:&quot;1.8&quot;,&quot;credit&quot;:&quot;&quot;,&quot;camera&quot;:&quot;Canon EOS 5D&quot;,&quot;caption&quot;:&quot;&quot;,&quot;created_timestamp&quot;:&quot;1288788194&quot;,&quot;copyright&quot;:&quot;&quot;,&quot;focal_length&quot;:&quot;50&quot;,&quot;iso&quot;:&quot;1250&quot;,&quot;shutter_speed&quot;:&quot;0.016666666666667&quot;,&quot;title&quot;:&quot;&quot;,&quot;orientation&quot;:&quot;1&quot;}" data-image-title="henryk skrzypkowski" data-image-description="" data-image-caption="" data-medium-file="http://www.gdansk.baptysci.pl/wp-content/uploads/2023/01/henryk-edited-1-200x300.jpg" data-large-file="http://www.gdansk.baptysci.pl/wp-content/uploads/2023/01/henryk-edited-1.jpg" decoding="async" loading="lazy" width="200" height="300" src="http://www.gdansk.baptysci.pl/wp-content/uploads/2023/01/henryk-edited-1-200x300.jpg" alt="" class="wp-image-20166" srcset="http://www.gdansk.baptysci.pl/wp-content/uploads/2023/01/henryk-edited-1-200x300.jpg 200w, http://www.gdansk.baptysci.pl/wp-content/uploads/2023/01/henryk-edited-1.jpg 327w" sizes="(max-width: 200px) 85vw, 200px" /></a></figure>
</div>



<div class="is-layout-flow wp-block-column" style="flex-basis:66.66%">
<p>Wykład 1 &#8211; Czy wszystkie drogi prowadzą do Boga?</p>



<figure class="wp-block-audio"><audio controls src="https://onedrive.live.com/download?cid=DEE334F5CF11DD5D&amp;resid=DEE334F5CF11DD5D%21775&amp;authkey=APr2RPLp2SkuRfo"></audio></figure>



<hr class="wp-block-separator has-alpha-channel-opacity"/>



<p>Wykład 2 -Czy człowiek jest z natury zły?</p>



<figure class="wp-block-audio"><audio controls src="https://onedrive.live.com/download?cid=DEE334F5CF11DD5D&amp;resid=DEE334F5CF11DD5D%21777&amp;authkey=AJJAXgD9sT0e6eA"></audio></figure>



<hr class="wp-block-separator has-alpha-channel-opacity"/>



<p>Wykład 3 &#8211; Śmierć: koniec czy początek?</p>



<figure class="wp-block-audio"><audio controls src="https://onedrive.live.com/download?cid=DEE334F5CF11DD5D&amp;resid=DEE334F5CF11DD5D%21776&amp;authkey=AP1HPWOju1L4nwo"></audio></figure>
</div>
</div>

<p>&lt;&lt;Konferencje i wykłady 2011.04.08-10 Wykład 1 &#8211; Czy wszystkie drogi prowadzą do Boga? Wykład 2 -Czy człowiek jest z natury zły? Wykład 3 &#8211; Śmierć: koniec czy początek?</p>
