{"id":21549,"date":"2013-05-11T15:26:00","date_gmt":"2013-05-11T13:26:00","guid":{"rendered":"http:\/\/www.gdansk.baptysci.pl\/?page_id=21549"},"modified":"2023-02-17T17:11:11","modified_gmt":"2023-02-17T15:11:11","slug":"konferencja-historyczna","status":"publish","type":"page","link":"http:\/\/www.gdansk.baptysci.pl\/index.php\/konferencja-historyczna\/","title":{"rendered":"Konferencja historyczna"},"content":{"rendered":"\n<p><a href=\"http:\/\/www.gdansk.baptysci.pl\/index.php\/konferencje\/\" data-type=\"URL\" data-id=\"http:\/\/www.gdansk.baptysci.pl\/index.php\/konferencje\/\">&lt;&lt;Konferencje i wyk\u0142ady<\/a><\/p>\n\n\n\n<p class=\"has-text-align-center\">2013.05.11<\/p>\n\n\n\n<hr class=\"wp-block-separator has-alpha-channel-opacity is-style-dots\"\/>\n\n\n\n<div class=\"is-layout-flex wp-container-2 wp-block-columns\">\n<div class=\"is-layout-flow wp-block-column\" style=\"flex-basis:100%\">\n<p>Antoni Bokun &#8211; Biblia Brzeska: religijna spu\u015bcizna Radziwi\u0142a Czarnego<\/p>\n\n\n\n<figure class=\"wp-block-audio\"><audio controls src=\"https:\/\/onedrive.live.com\/download?cid=DEE334F5CF11DD5D&amp;resid=DEE334F5CF11DD5D%21987&amp;authkey=AJ9mUe1BlLxCyHA\"><\/audio><\/figure>\n<\/div>\n<\/div>\n\n\n\n<hr class=\"wp-block-separator has-alpha-channel-opacity\"\/>\n\n\n\n<div class=\"is-layout-flex wp-container-4 wp-block-columns\">\n<div class=\"is-layout-flow wp-block-column\" style=\"flex-basis:100%\">\n<p>Antoni Bokun &#8211; Gda\u0144sk w relacjach polsko-bia\u0142oruskich (Biblia Gda\u0144ska, Misja wschodnio europejska)<\/p>\n\n\n\n<figure class=\"wp-block-audio\"><audio controls src=\"https:\/\/onedrive.live.com\/download?cid=DEE334F5CF11DD5D&amp;resid=DEE334F5CF11DD5D%21988&amp;authkey=AL8Fo-ihbhOggds\"><\/audio><\/figure>\n<\/div>\n<\/div>\n\n\n\n<hr class=\"wp-block-separator has-alpha-channel-opacity\"\/>\n\n\n\n<div class=\"is-layout-flex wp-container-6 wp-block-columns\">\n<div class=\"is-layout-flow wp-block-column\" style=\"flex-basis:100%\">\n<p>Mieczys\u0142aw Piotrowski &#8211; \u0141ukasz Dzieku\u0107-Malej: wierny do ko\u0144ca (s\u0142u\u017cba w latach 1944-1955)<\/p>\n\n\n\n<figure class=\"wp-block-audio\"><audio controls src=\"https:\/\/onedrive.live.com\/download?cid=DEE334F5CF11DD5D&amp;resid=DEE334F5CF11DD5D%21989&amp;authkey=ALPSK0N56CJHR5c\"><\/audio><\/figure>\n<\/div>\n<\/div>\n\n\n\n<hr class=\"wp-block-separator has-alpha-channel-opacity\"\/>\n\n\n\n<div class=\"is-layout-flex wp-container-8 wp-block-columns\">\n<div class=\"is-layout-flow wp-block-column\" style=\"flex-basis:100%\">\n<p>Andrus Unuczak &#8211; \u0141ukasz Dzieku\u0107-Malej: s\u0142u\u017cba w Brze\u015bciu<\/p>\n\n\n\n<figure class=\"wp-block-audio\"><audio controls src=\"https:\/\/onedrive.live.com\/download?cid=DEE334F5CF11DD5D&amp;resid=DEE334F5CF11DD5D%21990&amp;authkey=AHbIujadAWJCxVk\"><\/audio><\/figure>\n<\/div>\n<\/div>\n\n\n\n<hr class=\"wp-block-separator has-alpha-channel-opacity\"\/>\n\n\n\n<div class=\"is-layout-flex wp-container-10 wp-block-columns\">\n<div class=\"is-layout-flow wp-block-column\" style=\"flex-basis:100%\">\n<p>Stiepan Piekun &#8211; \u017bycie i pos\u0142annictwo Dzieku\u0107-Maleja: pami\u0119taj swoich przewodnik\u00f3w<\/p>\n\n\n\n<figure class=\"wp-block-audio\"><audio controls src=\"https:\/\/onedrive.live.com\/download?cid=DEE334F5CF11DD5D&amp;resid=DEE334F5CF11DD5D%21991&amp;authkey=ACPAK8MJ2DE9hJc\"><\/audio><\/figure>\n<\/div>\n<\/div>\n\n\n\n<hr class=\"wp-block-separator has-alpha-channel-opacity\"\/>\n","protected":false},"excerpt":{"rendered":"<p>&lt;&lt;Konferencje i wyk\u0142ady 2013.05.11 Antoni Bokun &#8211; Biblia Brzeska: religijna spu\u015bcizna Radziwi\u0142a Czarnego Antoni Bokun &#8211; Gda\u0144sk w relacjach polsko-bia\u0142oruskich (Biblia Gda\u0144ska, Misja wschodnio europejska) Mieczys\u0142aw Piotrowski &#8211; \u0141ukasz Dzieku\u0107-Malej: wierny do ko\u0144ca (s\u0142u\u017cba w latach 1944-1955) Andrus Unuczak &#8211; \u0141ukasz Dzieku\u0107-Malej: s\u0142u\u017cba w Brze\u015bciu Stiepan Piekun &#8211; \u017bycie i pos\u0142annictwo Dzieku\u0107-Maleja: pami\u0119taj swoich przewodnik\u00f3w<\/p>\n","protected":false},"author":33,"featured_media":0,"parent":0,"menu_order":0,"comment_status":"closed","ping_status":"closed","template":"","meta":[],"jetpack_sharing_enabled":true,"_links":{"self":[{"href":"http:\/\/www.gdansk.baptysci.pl\/index.php\/wp-json\/wp\/v2\/pages\/21549"}],"collection":[{"href":"http:\/\/www.gdansk.baptysci.pl\/index.php\/wp-json\/wp\/v2\/pages"}],"about":[{"href":"http:\/\/www.gdansk.baptysci.pl\/index.php\/wp-json\/wp\/v2\/types\/page"}],"author":[{"embeddable":true,"href":"http:\/\/www.gdansk.baptysci.pl\/index.php\/wp-json\/wp\/v2\/users\/33"}],"replies":[{"embeddable":true,"href":"http:\/\/www.gdansk.baptysci.pl\/index.php\/wp-json\/wp\/v2\/comments?post=21549"}],"version-history":[{"count":1,"href":"http:\/\/www.gdansk.baptysci.pl\/index.php\/wp-json\/wp\/v2\/pages\/21549\/revisions"}],"predecessor-version":[{"id":21579,"href":"http:\/\/www.gdansk.baptysci.pl\/index.php\/wp-json\/wp\/v2\/pages\/21549\/revisions\/21579"}],"wp:attachment":[{"href":"http:\/\/www.gdansk.baptysci.pl\/index.php\/wp-json\/wp\/v2\/media?parent=21549"}],"curies":[{"name":"wp","href":"https:\/\/api.w.org\/{rel}","templated":true}]}}