{"id":21205,"date":"2015-05-14T15:32:00","date_gmt":"2015-05-14T13:32:00","guid":{"rendered":"http:\/\/www.gdansk.baptysci.pl\/?page_id=21205"},"modified":"2023-02-16T22:16:56","modified_gmt":"2023-02-16T20:16:56","slug":"2015-05-ellis-potter","status":"publish","type":"page","link":"http:\/\/www.gdansk.baptysci.pl\/index.php\/2015-05-ellis-potter\/","title":{"rendered":"Ellis Potter"},"content":{"rendered":"\n<p><a href=\"http:\/\/www.gdansk.baptysci.pl\/index.php\/konferencje\/\" data-type=\"URL\" data-id=\"http:\/\/www.gdansk.baptysci.pl\/index.php\/konferencje\/\">&lt;&lt;Konferencje i wyk\u0142ady<\/a><\/p>\n\n\n\n<p class=\"has-text-align-center\">2015.05<\/p>\n\n\n\n<hr class=\"wp-block-separator has-alpha-channel-opacity is-style-dots\"\/>\n\n\n\n<div class=\"is-layout-flex wp-container-3 wp-block-columns\">\n<div class=\"is-layout-flow wp-block-column\"><div class=\"wp-block-image\">\n<figure class=\"aligncenter size-medium\"><a href=\"http:\/\/www.gdansk.baptysci.pl\/wp-content\/uploads\/2015\/05\/pic_a-dsc-7902-490x325-e1432036846788.jpg\"><img data-attachment-id=\"1648\" data-permalink=\"http:\/\/www.gdansk.baptysci.pl\/?attachment_id=1648\" data-orig-file=\"http:\/\/www.gdansk.baptysci.pl\/wp-content\/uploads\/2015\/05\/pic_a-dsc-7902-490x325-e1432036846788.jpg\" data-orig-size=\"412,323\" data-comments-opened=\"1\" data-image-meta=\"{&quot;aperture&quot;:&quot;0&quot;,&quot;credit&quot;:&quot;&quot;,&quot;camera&quot;:&quot;&quot;,&quot;caption&quot;:&quot;&quot;,&quot;created_timestamp&quot;:&quot;0&quot;,&quot;copyright&quot;:&quot;&quot;,&quot;focal_length&quot;:&quot;0&quot;,&quot;iso&quot;:&quot;0&quot;,&quot;shutter_speed&quot;:&quot;0&quot;,&quot;title&quot;:&quot;&quot;,&quot;orientation&quot;:&quot;0&quot;}\" data-image-title=\"pic_a-dsc-7902-490&#215;325\" data-image-description=\"\" data-image-caption=\"\" data-medium-file=\"http:\/\/www.gdansk.baptysci.pl\/wp-content\/uploads\/2015\/05\/pic_a-dsc-7902-490x325-e1432036846788-300x235.jpg\" data-large-file=\"http:\/\/www.gdansk.baptysci.pl\/wp-content\/uploads\/2015\/05\/pic_a-dsc-7902-490x325-e1432036846788.jpg\" decoding=\"async\" loading=\"lazy\" width=\"300\" height=\"235\" src=\"http:\/\/www.gdansk.baptysci.pl\/wp-content\/uploads\/2015\/05\/pic_a-dsc-7902-490x325-e1432036846788-300x235.jpg\" alt=\"\" class=\"wp-image-1648\" srcset=\"http:\/\/www.gdansk.baptysci.pl\/wp-content\/uploads\/2015\/05\/pic_a-dsc-7902-490x325-e1432036846788-300x235.jpg 300w, http:\/\/www.gdansk.baptysci.pl\/wp-content\/uploads\/2015\/05\/pic_a-dsc-7902-490x325-e1432036846788.jpg 412w\" sizes=\"(max-width: 300px) 85vw, 300px\" \/><\/a><\/figure><\/div><\/div>\n\n\n\n<div class=\"is-layout-flow wp-block-column\">\n<div style=\"height:79px\" aria-hidden=\"true\" class=\"wp-block-spacer\"><\/div>\n\n\n\n<p>M\u00f3wc\u0105 by\u0142 Ellis Potter, by\u0142y mnich buddyjski, a obecnie pastor pracuj\u0105cy w Szwajcarii.<\/p>\n<\/div>\n<\/div>\n\n\n\n<hr class=\"wp-block-separator has-alpha-channel-opacity is-style-dots\"\/>\n\n\n\n<p>cz. I &#8211; Serce i rozum<\/p>\n\n\n\n<figure class=\"wp-block-audio\"><audio controls src=\"https:\/\/onedrive.live.com\/download?cid=DEE334F5CF11DD5D&amp;resid=DEE334F5CF11DD5D%211185&amp;authkey=AKXHZyjYAlTzO_c\"><\/audio><\/figure>\n\n\n\n<hr class=\"wp-block-separator has-alpha-channel-opacity is-style-default\"\/>\n\n\n\n<p>cz. II &#8211; Duchowo\u015b\u0107<\/p>\n\n\n\n<figure class=\"wp-block-audio\"><audio controls src=\"https:\/\/onedrive.live.com\/download?cid=DEE334F5CF11DD5D&amp;resid=DEE334F5CF11DD5D%211186&amp;authkey=APrd7SMbmBFWzYk\"><\/audio><\/figure>\n\n\n\n<hr class=\"wp-block-separator has-alpha-channel-opacity is-style-default\"\/>\n\n\n\n<p>cz. III &#8211; Ewangelizacja<\/p>\n\n\n\n<figure class=\"wp-block-audio\"><audio controls src=\"https:\/\/onedrive.live.com\/download?cid=DEE334F5CF11DD5D&amp;resid=DEE334F5CF11DD5D%211189&amp;authkey=ADT24qpPeo2S20I\"><\/audio><\/figure>\n\n\n\n<hr class=\"wp-block-separator has-alpha-channel-opacity is-style-default\"\/>\n","protected":false},"excerpt":{"rendered":"<p>&lt;&lt;Konferencje i wyk\u0142ady 2015.05 M\u00f3wc\u0105 by\u0142 Ellis Potter, by\u0142y mnich buddyjski, a obecnie pastor pracuj\u0105cy w Szwajcarii. cz. I &#8211; Serce i rozum cz. II &#8211; Duchowo\u015b\u0107 cz. III &#8211; Ewangelizacja<\/p>\n","protected":false},"author":33,"featured_media":0,"parent":0,"menu_order":0,"comment_status":"closed","ping_status":"closed","template":"","meta":[],"jetpack_sharing_enabled":true,"_links":{"self":[{"href":"http:\/\/www.gdansk.baptysci.pl\/index.php\/wp-json\/wp\/v2\/pages\/21205"}],"collection":[{"href":"http:\/\/www.gdansk.baptysci.pl\/index.php\/wp-json\/wp\/v2\/pages"}],"about":[{"href":"http:\/\/www.gdansk.baptysci.pl\/index.php\/wp-json\/wp\/v2\/types\/page"}],"author":[{"embeddable":true,"href":"http:\/\/www.gdansk.baptysci.pl\/index.php\/wp-json\/wp\/v2\/users\/33"}],"replies":[{"embeddable":true,"href":"http:\/\/www.gdansk.baptysci.pl\/index.php\/wp-json\/wp\/v2\/comments?post=21205"}],"version-history":[{"count":6,"href":"http:\/\/www.gdansk.baptysci.pl\/index.php\/wp-json\/wp\/v2\/pages\/21205\/revisions"}],"predecessor-version":[{"id":21477,"href":"http:\/\/www.gdansk.baptysci.pl\/index.php\/wp-json\/wp\/v2\/pages\/21205\/revisions\/21477"}],"wp:attachment":[{"href":"http:\/\/www.gdansk.baptysci.pl\/index.php\/wp-json\/wp\/v2\/media?parent=21205"}],"curies":[{"name":"wp","href":"https:\/\/api.w.org\/{rel}","templated":true}]}}