{"id":20433,"date":"2023-02-04T16:29:58","date_gmt":"2023-02-04T14:29:58","guid":{"rendered":"http:\/\/www.gdansk.baptysci.pl\/?page_id=20433"},"modified":"2023-02-04T16:30:41","modified_gmt":"2023-02-04T14:30:41","slug":"aktywnosci-mlodziezowe","status":"publish","type":"page","link":"http:\/\/www.gdansk.baptysci.pl\/index.php\/aktywnosci-mlodziezowe\/","title":{"rendered":"Aktywno\u015bci m\u0142odzie\u017cowe"},"content":{"rendered":"\n<p><a href=\"http:\/\/www.gdansk.baptysci.pl\/index.php\/multimedia\/\" data-type=\"URL\" data-id=\"http:\/\/www.gdansk.baptysci.pl\/index.php\/multimedia\/\">&lt;&lt;Powr\u00f3t<\/a><\/p>\n\n\n\n<div class=\"is-layout-flex wp-container-32 wp-block-columns\">\n<div class=\"is-layout-flow wp-block-column\" style=\"flex-basis:90%\">\n<div class=\"is-layout-flow wp-block-query\"><ul class=\"is-layout-flow wp-block-post-template\"><li class=\"wp-block-post post-19463 post type-post status-publish format-video hentry category-mlodziezowka category-multimedia category-multimedia-2022 post_format-post-format-video\">\n\n<div class=\"is-vertical is-layout-flex wp-container-3 wp-block-group\">\n<div class=\"is-vertical is-layout-flex wp-container-2 wp-block-group\">\n<div class=\"is-vertical is-layout-flex wp-container-1 wp-block-group\"><h2 class=\"wp-block-post-title\">2022.03.11 &#8211; M\u0142odzie\u017cowy wiecz\u00f3r uwielbienia<\/h2><\/div>\n<\/div>\n<\/div>\n\n\n<div class=\"is-layout-flow entry-content wp-block-post-content\">\n<figure class=\"wp-block-embed is-type-video is-provider-youtube wp-block-embed-youtube wp-embed-aspect-16-9 wp-has-aspect-ratio\"><div class=\"wp-block-embed__wrapper\">\n<iframe loading=\"lazy\" title=\"M\u0142odzie\u017cowy Wiecz\u00f3r Uwielbienia  | 20220311\" width=\"840\" height=\"473\" src=\"https:\/\/www.youtube.com\/embed\/IUM6JgZhqEw?feature=oembed\" frameborder=\"0\" allow=\"accelerometer; autoplay; clipboard-write; encrypted-media; gyroscope; picture-in-picture\" allowfullscreen><\/iframe>\n<\/div><\/figure>\n<\/div>\n\n\n<hr class=\"wp-block-separator has-text-color has-dark-gray-color has-alpha-channel-opacity has-dark-gray-background-color has-background is-style-wide\"\/>\n\n<\/li><li class=\"wp-block-post post-19084 post type-post status-publish format-video hentry category-mlodziezowka category-multimedia category-multimedia-2013 post_format-post-format-video\">\n\n<div class=\"is-vertical is-layout-flex wp-container-7 wp-block-group\">\n<div class=\"is-vertical is-layout-flex wp-container-6 wp-block-group\">\n<div class=\"is-vertical is-layout-flex wp-container-5 wp-block-group\"><h2 class=\"wp-block-post-title\">Sylwester 2012\/2013<\/h2><\/div>\n<\/div>\n<\/div>\n\n\n<div class=\"is-layout-flow entry-content wp-block-post-content\">\n<div class=\"is-layout-flex wp-container-9 wp-block-columns\">\n<div class=\"is-layout-flow wp-block-column\" style=\"flex-basis:100%\">\n<figure class=\"wp-block-embed is-type-video is-provider-youtube wp-block-embed-youtube wp-embed-aspect-16-9 wp-has-aspect-ratio\"><div class=\"wp-block-embed__wrapper\">\n<iframe loading=\"lazy\" title=\"Sylwester  2012\/2013\" width=\"840\" height=\"473\" src=\"https:\/\/www.youtube.com\/embed\/rK9sS8o7MLg?feature=oembed\" frameborder=\"0\" allow=\"accelerometer; autoplay; clipboard-write; encrypted-media; gyroscope; picture-in-picture\" allowfullscreen><\/iframe>\n<\/div><\/figure>\n<\/div>\n<\/div>\n<\/div>\n\n\n<hr class=\"wp-block-separator has-text-color has-dark-gray-color has-alpha-channel-opacity has-dark-gray-background-color has-background is-style-wide\"\/>\n\n<\/li><li class=\"wp-block-post post-19095 post type-post status-publish format-video hentry category-mlodziezowka category-multimedia category-multimedia-2012 category-przedstawienia post_format-post-format-video\">\n\n<div class=\"is-vertical is-layout-flex wp-container-13 wp-block-group\">\n<div class=\"is-vertical is-layout-flex wp-container-12 wp-block-group\">\n<div class=\"is-vertical is-layout-flex wp-container-11 wp-block-group\"><h2 class=\"wp-block-post-title\">2012.12.17 &#8211; Musical Hairy Christmas<\/h2><\/div>\n<\/div>\n<\/div>\n\n\n<div class=\"is-layout-flow entry-content wp-block-post-content\">\n<div class=\"is-layout-flex wp-container-15 wp-block-columns\">\n<div class=\"is-layout-flow wp-block-column\" style=\"flex-basis:100%\">\n<figure class=\"wp-block-embed is-type-video is-provider-youtube wp-block-embed-youtube wp-embed-aspect-16-9 wp-has-aspect-ratio\"><div class=\"wp-block-embed__wrapper\">\n<iframe loading=\"lazy\" title=\"Musical Hairy Christmas Scena KCHB\" width=\"840\" height=\"473\" src=\"https:\/\/www.youtube.com\/embed\/ELqhnXARexM?feature=oembed\" frameborder=\"0\" allow=\"accelerometer; autoplay; clipboard-write; encrypted-media; gyroscope; picture-in-picture\" allowfullscreen><\/iframe>\n<\/div><\/figure>\n<\/div>\n<\/div>\n<\/div>\n\n\n<hr class=\"wp-block-separator has-text-color has-dark-gray-color has-alpha-channel-opacity has-dark-gray-background-color has-background is-style-wide\"\/>\n\n<\/li><li class=\"wp-block-post post-19089 post type-post status-publish format-video hentry category-mlodziezowka category-multimedia category-multimedia-2012 category-przedstawienia post_format-post-format-video\">\n\n<div class=\"is-vertical is-layout-flex wp-container-19 wp-block-group\">\n<div class=\"is-vertical is-layout-flex wp-container-18 wp-block-group\">\n<div class=\"is-vertical is-layout-flex wp-container-17 wp-block-group\"><h2 class=\"wp-block-post-title\">2012.04.29 &#8211; Holy roar drama<\/h2><\/div>\n<\/div>\n<\/div>\n\n\n<div class=\"is-layout-flow entry-content wp-block-post-content\">\n<figure class=\"wp-block-embed is-type-video is-provider-youtube wp-block-embed-youtube wp-embed-aspect-16-9 wp-has-aspect-ratio\"><div class=\"wp-block-embed__wrapper\">\n<iframe loading=\"lazy\" title=\"Holy roar drama -Gda\u0144sk 2012\" width=\"840\" height=\"473\" src=\"https:\/\/www.youtube.com\/embed\/oEA7Igj1ae8?feature=oembed\" frameborder=\"0\" allow=\"accelerometer; autoplay; clipboard-write; encrypted-media; gyroscope; picture-in-picture; web-share\" allowfullscreen><\/iframe>\n<\/div><\/figure>\n<\/div>\n\n\n<hr class=\"wp-block-separator has-text-color has-dark-gray-color has-alpha-channel-opacity has-dark-gray-background-color has-background is-style-wide\"\/>\n\n<\/li><li class=\"wp-block-post post-19091 post type-post status-publish format-video hentry category-mlodziezowka category-multimedia category-multimedia-2012 category-przedstawienia post_format-post-format-video\">\n\n<div class=\"is-vertical is-layout-flex wp-container-23 wp-block-group\">\n<div class=\"is-vertical is-layout-flex wp-container-22 wp-block-group\">\n<div class=\"is-vertical is-layout-flex wp-container-21 wp-block-group\"><h2 class=\"wp-block-post-title\">2012.04.02<\/h2><\/div>\n<\/div>\n<\/div>\n\n\n<div class=\"is-layout-flow entry-content wp-block-post-content\">\n<div class=\"is-layout-flex wp-container-25 wp-block-columns\">\n<div class=\"is-layout-flow wp-block-column\" style=\"flex-basis:100%\">\n<figure class=\"wp-block-embed is-type-video is-provider-youtube wp-block-embed-youtube wp-embed-aspect-16-9 wp-has-aspect-ratio\"><div class=\"wp-block-embed__wrapper\">\n<iframe loading=\"lazy\" title=\"Gda\u0144sk, everything lifehouse\" width=\"840\" height=\"473\" src=\"https:\/\/www.youtube.com\/embed\/tRh8_aU7ltw?feature=oembed\" frameborder=\"0\" allow=\"accelerometer; autoplay; clipboard-write; encrypted-media; gyroscope; picture-in-picture\" allowfullscreen><\/iframe>\n<\/div><\/figure>\n<\/div>\n<\/div>\n<\/div>\n\n\n<hr class=\"wp-block-separator has-text-color has-dark-gray-color has-alpha-channel-opacity has-dark-gray-background-color has-background is-style-wide\"\/>\n\n<\/li><\/ul>\n\n<nav class=\"is-layout-flex wp-block-query-pagination\" aria-label=\"Stronicowanie\">\n\n\n<div class=\"wp-block-query-pagination-numbers\"><span aria-current=\"page\" class=\"page-numbers current\">1<\/span>\n<a class=\"page-numbers\" href=\"?query-0-page=2\">2<\/a><\/div>\n\n<a href=\"\/index.php\/wp-json\/wp\/v2\/pages\/20433?query-0-page=2\" class=\"wp-block-query-pagination-next\">Nast\u0119pna strona<\/a>\n<\/nav>\n\n<\/div>\n<\/div>\n\n\n\n<div class=\"is-layout-flow wp-block-column\" style=\"flex-basis:25%\"><\/div>\n<\/div>\n","protected":false},"excerpt":{"rendered":"<p>&lt;&lt;Powr\u00f3t<\/p>\n","protected":false},"author":33,"featured_media":0,"parent":0,"menu_order":0,"comment_status":"closed","ping_status":"closed","template":"","meta":[],"jetpack_sharing_enabled":true,"_links":{"self":[{"href":"http:\/\/www.gdansk.baptysci.pl\/index.php\/wp-json\/wp\/v2\/pages\/20433"}],"collection":[{"href":"http:\/\/www.gdansk.baptysci.pl\/index.php\/wp-json\/wp\/v2\/pages"}],"about":[{"href":"http:\/\/www.gdansk.baptysci.pl\/index.php\/wp-json\/wp\/v2\/types\/page"}],"author":[{"embeddable":true,"href":"http:\/\/www.gdansk.baptysci.pl\/index.php\/wp-json\/wp\/v2\/users\/33"}],"replies":[{"embeddable":true,"href":"http:\/\/www.gdansk.baptysci.pl\/index.php\/wp-json\/wp\/v2\/comments?post=20433"}],"version-history":[{"count":2,"href":"http:\/\/www.gdansk.baptysci.pl\/index.php\/wp-json\/wp\/v2\/pages\/20433\/revisions"}],"predecessor-version":[{"id":20436,"href":"http:\/\/www.gdansk.baptysci.pl\/index.php\/wp-json\/wp\/v2\/pages\/20433\/revisions\/20436"}],"wp:attachment":[{"href":"http:\/\/www.gdansk.baptysci.pl\/index.php\/wp-json\/wp\/v2\/media?parent=20433"}],"curies":[{"name":"wp","href":"https:\/\/api.w.org\/{rel}","templated":true}]}}