{"id":19801,"date":"2021-09-17T02:55:00","date_gmt":"2021-09-17T00:55:00","guid":{"rendered":"http:\/\/www.gdansk.baptysci.pl\/?page_id=19801"},"modified":"2023-02-16T22:28:50","modified_gmt":"2023-02-16T20:28:50","slug":"2021-weekend-zborowy-ireneusz-dawidowicz-relacja","status":"publish","type":"page","link":"http:\/\/www.gdansk.baptysci.pl\/index.php\/2021-weekend-zborowy-ireneusz-dawidowicz-relacja\/","title":{"rendered":"Weekend Zborowy \u2013 Ireneusz Dawidowicz \u2013 R(el)acja"},"content":{"rendered":"\n<p><a href=\"http:\/\/www.gdansk.baptysci.pl\/index.php\/konferencje\/\" data-type=\"URL\" data-id=\"http:\/\/www.gdansk.baptysci.pl\/index.php\/konferencje\/\">&lt;&lt;Konferencje i wyk\u0142ady<\/a><\/p>\n\n\n\n<p class=\"has-text-align-center\">2021.09.17-19<\/p>\n\n\n\n<hr class=\"wp-block-separator has-alpha-channel-opacity is-style-dots\"\/>\n\n\n\n<div class=\"is-layout-flow wp-block-query\"><div class=\"wp-block-query-no-results\">\n\n<p>Wyk\u0142ad 1: <\/p>\n\n\n\n<figure class=\"wp-block-embed is-type-video is-provider-youtube wp-block-embed-youtube wp-embed-aspect-16-9 wp-has-aspect-ratio\"><div class=\"wp-block-embed__wrapper\">\n<iframe loading=\"lazy\" title=\"R[el]ACJA I Wsp\u00f3lnotowy charakter Ko\u015bcio\u0142a - Ireneusz Dawidowicz @ Weekend Zborowy 2021 | Wyk\u0142ad I\" width=\"840\" height=\"473\" src=\"https:\/\/www.youtube.com\/embed\/QlRUgCw5Tms?feature=oembed\" frameborder=\"0\" allow=\"accelerometer; autoplay; clipboard-write; encrypted-media; gyroscope; picture-in-picture; web-share\" allowfullscreen><\/iframe>\n<\/div><\/figure>\n\n\n\n<hr class=\"wp-block-separator has-alpha-channel-opacity\"\/>\n\n\n\n<p>Wyk\u0142ad 2:<\/p>\n\n\n\n<figure class=\"wp-block-embed is-type-video is-provider-youtube wp-block-embed-youtube wp-embed-aspect-16-9 wp-has-aspect-ratio\"><div class=\"wp-block-embed__wrapper\">\n<iframe loading=\"lazy\" title=\"R[el]ACJA I Jedno\u015b\u0107 &amp; r\u00f3\u017cnorodno\u015b\u0107 - Ireneusz Dawidowicz @ Weekend Zborowy 2021 | Wyk\u0142ad II\" width=\"840\" height=\"473\" src=\"https:\/\/www.youtube.com\/embed\/swzDCEa45iw?feature=oembed\" frameborder=\"0\" allow=\"accelerometer; autoplay; clipboard-write; encrypted-media; gyroscope; picture-in-picture; web-share\" allowfullscreen><\/iframe>\n<\/div><\/figure>\n\n\n\n<hr class=\"wp-block-separator has-alpha-channel-opacity\"\/>\n\n\n\n<p>Wyk\u0142ad 3:<\/p>\n\n\n\n<figure class=\"wp-block-embed is-type-video is-provider-youtube wp-block-embed-youtube wp-embed-aspect-16-9 wp-has-aspect-ratio\"><div class=\"wp-block-embed__wrapper\">\n<iframe loading=\"lazy\" title=\"R[el]ACJA I Priorytety s\u0142u\u017cby - Ireneusz Dawidowicz @ Weekend Zborowy 2021 | Wyk\u0142ad III\" width=\"840\" height=\"473\" src=\"https:\/\/www.youtube.com\/embed\/593R9eWJxJY?feature=oembed\" frameborder=\"0\" allow=\"accelerometer; autoplay; clipboard-write; encrypted-media; gyroscope; picture-in-picture; web-share\" allowfullscreen><\/iframe>\n<\/div><\/figure>\n\n\n\n<hr class=\"wp-block-separator has-alpha-channel-opacity\"\/>\n\n\n\n<p>Wyk\u0142ad 4:<\/p>\n\n\n\n<figure class=\"wp-block-embed is-type-video is-provider-youtube wp-block-embed-youtube wp-embed-aspect-16-9 wp-has-aspect-ratio\"><div class=\"wp-block-embed__wrapper\">\n<iframe loading=\"lazy\" title=\"R[el]ACJA I Duch czasu vs Tradycja - Ireneusz Dawidowicz @ Weekend Zborowy 2021 | Wyk\u0142ad IV\" width=\"840\" height=\"473\" src=\"https:\/\/www.youtube.com\/embed\/h9JFGwTD4fo?feature=oembed\" frameborder=\"0\" allow=\"accelerometer; autoplay; clipboard-write; encrypted-media; gyroscope; picture-in-picture; web-share\" allowfullscreen><\/iframe>\n<\/div><\/figure>\n\n<\/div><\/div>\n","protected":false},"excerpt":{"rendered":"<p>&lt;&lt;Konferencje i wyk\u0142ady 2021.09.17-19<\/p>\n","protected":false},"author":33,"featured_media":0,"parent":0,"menu_order":0,"comment_status":"closed","ping_status":"closed","template":"","meta":[],"jetpack_sharing_enabled":true,"_links":{"self":[{"href":"http:\/\/www.gdansk.baptysci.pl\/index.php\/wp-json\/wp\/v2\/pages\/19801"}],"collection":[{"href":"http:\/\/www.gdansk.baptysci.pl\/index.php\/wp-json\/wp\/v2\/pages"}],"about":[{"href":"http:\/\/www.gdansk.baptysci.pl\/index.php\/wp-json\/wp\/v2\/types\/page"}],"author":[{"embeddable":true,"href":"http:\/\/www.gdansk.baptysci.pl\/index.php\/wp-json\/wp\/v2\/users\/33"}],"replies":[{"embeddable":true,"href":"http:\/\/www.gdansk.baptysci.pl\/index.php\/wp-json\/wp\/v2\/comments?post=19801"}],"version-history":[{"count":6,"href":"http:\/\/www.gdansk.baptysci.pl\/index.php\/wp-json\/wp\/v2\/pages\/19801\/revisions"}],"predecessor-version":[{"id":21481,"href":"http:\/\/www.gdansk.baptysci.pl\/index.php\/wp-json\/wp\/v2\/pages\/19801\/revisions\/21481"}],"wp:attachment":[{"href":"http:\/\/www.gdansk.baptysci.pl\/index.php\/wp-json\/wp\/v2\/media?parent=19801"}],"curies":[{"name":"wp","href":"https:\/\/api.w.org\/{rel}","templated":true}]}}

<p><a href="http://www.gdansk.baptysci.pl/index.php/konferencje/" data-type="URL" data-id="http://www.gdansk.baptysci.pl/index.php/konferencje/">&lt;&lt;Konferencje i wykłady</a></p>



<p class="has-text-align-center">2021.09.17-19</p>



<hr class="wp-block-separator has-alpha-channel-opacity is-style-dots"/>



<div class="is-layout-flow wp-block-query"><div class="wp-block-query-no-results">

<p>Wykład 1: </p>



<figure class="wp-block-embed is-type-video is-provider-youtube wp-block-embed-youtube wp-embed-aspect-16-9 wp-has-aspect-ratio"><div class="wp-block-embed__wrapper">
<iframe loading="lazy" title="R[el]ACJA I Wspólnotowy charakter Kościoła - Ireneusz Dawidowicz @ Weekend Zborowy 2021 | Wykład I" width="840" height="473" src="https://www.youtube.com/embed/QlRUgCw5Tms?feature=oembed" frameborder="0" allow="accelerometer; autoplay; clipboard-write; encrypted-media; gyroscope; picture-in-picture; web-share" allowfullscreen></iframe>
</div></figure>



<hr class="wp-block-separator has-alpha-channel-opacity"/>



<p>Wykład 2:</p>



<figure class="wp-block-embed is-type-video is-provider-youtube wp-block-embed-youtube wp-embed-aspect-16-9 wp-has-aspect-ratio"><div class="wp-block-embed__wrapper">
<iframe loading="lazy" title="R[el]ACJA I Jedność &amp; różnorodność - Ireneusz Dawidowicz @ Weekend Zborowy 2021 | Wykład II" width="840" height="473" src="https://www.youtube.com/embed/swzDCEa45iw?feature=oembed" frameborder="0" allow="accelerometer; autoplay; clipboard-write; encrypted-media; gyroscope; picture-in-picture; web-share" allowfullscreen></iframe>
</div></figure>



<hr class="wp-block-separator has-alpha-channel-opacity"/>



<p>Wykład 3:</p>



<figure class="wp-block-embed is-type-video is-provider-youtube wp-block-embed-youtube wp-embed-aspect-16-9 wp-has-aspect-ratio"><div class="wp-block-embed__wrapper">
<iframe loading="lazy" title="R[el]ACJA I Priorytety służby - Ireneusz Dawidowicz @ Weekend Zborowy 2021 | Wykład III" width="840" height="473" src="https://www.youtube.com/embed/593R9eWJxJY?feature=oembed" frameborder="0" allow="accelerometer; autoplay; clipboard-write; encrypted-media; gyroscope; picture-in-picture; web-share" allowfullscreen></iframe>
</div></figure>



<hr class="wp-block-separator has-alpha-channel-opacity"/>



<p>Wykład 4:</p>



<figure class="wp-block-embed is-type-video is-provider-youtube wp-block-embed-youtube wp-embed-aspect-16-9 wp-has-aspect-ratio"><div class="wp-block-embed__wrapper">
<iframe loading="lazy" title="R[el]ACJA I Duch czasu vs Tradycja - Ireneusz Dawidowicz @ Weekend Zborowy 2021 | Wykład IV" width="840" height="473" src="https://www.youtube.com/embed/h9JFGwTD4fo?feature=oembed" frameborder="0" allow="accelerometer; autoplay; clipboard-write; encrypted-media; gyroscope; picture-in-picture; web-share" allowfullscreen></iframe>
</div></figure>

</div></div>

<p>&lt;&lt;Konferencje i wykłady 2021.09.17-19</p>
