{"id":18833,"date":"2022-12-14T14:54:47","date_gmt":"2022-12-14T12:54:47","guid":{"rendered":"http:\/\/www.gdansk.baptysci.pl\/?page_id=18833"},"modified":"2022-12-14T21:25:31","modified_gmt":"2022-12-14T19:25:31","slug":"informacje-dla-uchodzcow","status":"publish","type":"page","link":"http:\/\/www.gdansk.baptysci.pl\/index.php\/informacje-dla-uchodzcow\/","title":{"rendered":"Informacje dla Uchod\u017ac\u00f3w"},"content":{"rendered":"\n<figure class=\"wp-block-image size-large\"><a href=\"http:\/\/www.gdansk.baptysci.pl\/wp-content\/uploads\/2022\/12\/010_Modlitwa_UAkopia.png\"><img data-attachment-id=\"19052\" data-permalink=\"http:\/\/www.gdansk.baptysci.pl\/index.php\/informacje-dla-uchodzcow\/010_modlitwa_uakopia\/\" data-orig-file=\"http:\/\/www.gdansk.baptysci.pl\/wp-content\/uploads\/2022\/12\/010_Modlitwa_UAkopia.png\" data-orig-size=\"1923,456\" data-comments-opened=\"1\" data-image-meta=\"{&quot;aperture&quot;:&quot;0&quot;,&quot;credit&quot;:&quot;&quot;,&quot;camera&quot;:&quot;&quot;,&quot;caption&quot;:&quot;&quot;,&quot;created_timestamp&quot;:&quot;0&quot;,&quot;copyright&quot;:&quot;&quot;,&quot;focal_length&quot;:&quot;0&quot;,&quot;iso&quot;:&quot;0&quot;,&quot;shutter_speed&quot;:&quot;0&quot;,&quot;title&quot;:&quot;&quot;,&quot;orientation&quot;:&quot;0&quot;}\" data-image-title=\"010_Modlitwa_UAkopia\" data-image-description=\"\" data-image-caption=\"\" data-medium-file=\"http:\/\/www.gdansk.baptysci.pl\/wp-content\/uploads\/2022\/12\/010_Modlitwa_UAkopia-300x71.png\" data-large-file=\"http:\/\/www.gdansk.baptysci.pl\/wp-content\/uploads\/2022\/12\/010_Modlitwa_UAkopia-1024x243.png\" decoding=\"async\" loading=\"lazy\" width=\"1024\" height=\"243\" src=\"http:\/\/www.gdansk.baptysci.pl\/wp-content\/uploads\/2022\/12\/010_Modlitwa_UAkopia-1024x243.png\" alt=\"\" class=\"wp-image-19052\" srcset=\"http:\/\/www.gdansk.baptysci.pl\/wp-content\/uploads\/2022\/12\/010_Modlitwa_UAkopia-1024x243.png 1024w, http:\/\/www.gdansk.baptysci.pl\/wp-content\/uploads\/2022\/12\/010_Modlitwa_UAkopia-300x71.png 300w, http:\/\/www.gdansk.baptysci.pl\/wp-content\/uploads\/2022\/12\/010_Modlitwa_UAkopia-768x182.png 768w, http:\/\/www.gdansk.baptysci.pl\/wp-content\/uploads\/2022\/12\/010_Modlitwa_UAkopia-1536x364.png 1536w, http:\/\/www.gdansk.baptysci.pl\/wp-content\/uploads\/2022\/12\/010_Modlitwa_UAkopia-1200x285.png 1200w, http:\/\/www.gdansk.baptysci.pl\/wp-content\/uploads\/2022\/12\/010_Modlitwa_UAkopia.png 1923w\" sizes=\"(max-width: 709px) 85vw, (max-width: 909px) 67vw, (max-width: 1362px) 62vw, 840px\" \/><\/a><\/figure>\n\n\n\n<div class=\"is-layout-flow wp-block-query\"><ul class=\"is-layout-flow wp-block-post-template\"><li class=\"wp-block-post post-12564 post type-post status-publish format-standard has-post-thumbnail hentry category-informacje category-pomoc-dla-ukrainy\">\n\n<div class=\"is-nowrap is-layout-flex wp-container-1 wp-block-group\"><h2 class=\"wp-block-post-title\">Informacje dla Uchod\u017ac\u00f3w z Ukrainy &#8211; \u0406\u043d\u0444\u043e\u0440\u043c\u0430\u0446\u0456\u044f \u0434\u043b\u044f \u0433\u0440\u043e\u043c\u0430\u0434\u044f\u043d \u0423\u043a\u0440\u0430\u0457\u043d\u0438<\/h2>\n\n<div class=\"wp-block-post-date\"><time datetime=\"2022-03-10T00:31:06+02:00\">2022-03-10<\/time><\/div><\/div>\n\n\n<figure class=\"wp-block-post-featured-image\"><img width=\"400\" height=\"400\" src=\"http:\/\/www.gdansk.baptysci.pl\/wp-content\/uploads\/2022\/02\/PomocUchodxcom-1-400x400.png\" class=\"attachment-post-thumbnail size-post-thumbnail wp-post-image\" alt=\"\u0406\u041d\u0424\u041e\u0420\u041c\u0410\u0426\u0406\u042f \u0414\u041b\u042f \u0413\u0420\u041e\u041c\u0410\u0414\u042f\u041d \u0423\u041a\u0420\u0410\u0407\u041d\u0418\" decoding=\"async\" loading=\"lazy\" style=\"height:150px;object-fit:contain;\" srcset=\"http:\/\/www.gdansk.baptysci.pl\/wp-content\/uploads\/2022\/02\/PomocUchodxcom-1-400x400.png 400w, http:\/\/www.gdansk.baptysci.pl\/wp-content\/uploads\/2022\/02\/PomocUchodxcom-1-300x300.png 300w, http:\/\/www.gdansk.baptysci.pl\/wp-content\/uploads\/2022\/02\/PomocUchodxcom-1-150x150.png 150w, http:\/\/www.gdansk.baptysci.pl\/wp-content\/uploads\/2022\/02\/PomocUchodxcom-1-100x100.png 100w, http:\/\/www.gdansk.baptysci.pl\/wp-content\/uploads\/2022\/02\/PomocUchodxcom-1.png 404w\" sizes=\"(max-width: 709px) 85vw, (max-width: 909px) 67vw, (max-width: 984px) 60vw, (max-width: 1362px) 62vw, 840px\" data-attachment-id=\"12512\" data-permalink=\"http:\/\/www.gdansk.baptysci.pl\/?attachment_id=12512\" data-orig-file=\"http:\/\/www.gdansk.baptysci.pl\/wp-content\/uploads\/2022\/02\/PomocUchodxcom-1.png\" data-orig-size=\"404,404\" data-comments-opened=\"1\" data-image-meta=\"{&quot;aperture&quot;:&quot;0&quot;,&quot;credit&quot;:&quot;&quot;,&quot;camera&quot;:&quot;&quot;,&quot;caption&quot;:&quot;&quot;,&quot;created_timestamp&quot;:&quot;0&quot;,&quot;copyright&quot;:&quot;&quot;,&quot;focal_length&quot;:&quot;0&quot;,&quot;iso&quot;:&quot;0&quot;,&quot;shutter_speed&quot;:&quot;0&quot;,&quot;title&quot;:&quot;&quot;,&quot;orientation&quot;:&quot;0&quot;}\" data-image-title=\"PomocUchodxcom\" data-image-description=\"\" data-image-caption=\"\" data-medium-file=\"http:\/\/www.gdansk.baptysci.pl\/wp-content\/uploads\/2022\/02\/PomocUchodxcom-1-300x300.png\" data-large-file=\"http:\/\/www.gdansk.baptysci.pl\/wp-content\/uploads\/2022\/02\/PomocUchodxcom-1.png\" \/><\/figure>\n\n<div class=\"is-layout-flow entry-content wp-block-post-content\">\n<pre class=\"wp-block-preformatted\"><span style=\"color: #000000;\"><strong>\u0421\u0430\u0439\u0442 \u0420\u0435\u0441\u043f\u0443\u0431\u043b\u0456\u043a\u0438 \u041f\u043e\u043b\u044c\u0449\u0430<\/strong><\/span>\n<span style=\"color: #0000ff;\"><strong><a style=\"color: #0000ff;\" href=\"https:\/\/www.gov.pl\/web\/ua\" target=\"_blank\" rel=\"noopener\">\u0406\u043d\u0444\u043e\u0440\u043c\u0430\u0446\u0456\u044f \u0434\u043b\u044f \u0433\u0440\u043e\u043c\u0430\u0434\u044f\u043d \u0423\u043a\u0440\u0430\u0457\u043d\u0438<\/a><\/strong><\/span><\/pre>\n\n\n\n<hr class=\"wp-block-separator has-alpha-channel-opacity\"\/>\n\n\n\n<pre class=\"wp-block-preformatted\"><span style=\"color: #000000;\"><strong>\u0412\u0438 \u043f\u043e\u0442\u0440\u0435\u0431\u0443\u0454\u0442\u0435\u0434\u043e\u043f\u043e\u043c\u043e\u0433\u0438\u0456 \u0432\u0442\u0456\u043a\u0430\u0454\u0442\u0435 \u0432\u0456\u0434 \u0432\u0456\u0439\u043d\u0438? <\/strong><strong>\u0412\u0438 \u0445\u043e\u0447\u0435\u0442\u0435 \u043f\u0456\u0434\u0442\u0440\u0438\u043c\u0430\u0442\u0438 \u0431\u0456\u0436\u0435\u043d\u0446\u0456\u0432? <\/strong><strong>\u0414\u043e\u0431\u0440\u0435, \u0449\u043e \u0412\u0438 \u0434\u043e \u043d\u0430\u0441 \u0437\u0430\u0432\u0456\u0442\u0430\u043b\u0438!<\/strong><\/span>\n<strong><a href=\"https:\/\/pomagamukrainie.gov.pl\/\" target=\"_blank\" rel=\"noopener\"><span style=\"color: #0000ff;\">#PomagamUkrainie<\/span><\/a><\/strong><\/pre>\n\n\n\n<hr class=\"wp-block-separator has-alpha-channel-opacity\"\/>\n\n\n\n<pre class=\"wp-block-preformatted\"><strong><span style=\"color: #000000;\">\u0411\u0430\u0437\u0430 \u0437\u043d\u0430\u043d\u044c:<\/span> <span style=\"color: #0000ff;\"><a style=\"color: #0000ff;\" href=\"https:\/\/www.gdansk.pl\/wiadomosci\/dzialania-gdanska-wobec-kryzysu-na-ukrainie-to-jest-tak-samo-nasza-wojna-jak-wojna-ukrainska,a,214486\" target=\"_blank\" rel=\"noopener\">\u0413\u0434\u0430\u043d\u0441\u044c\u043a \u0434\u043e\u043f\u043e\u043c\u0430\u0433\u0430\u0454 \u0423\u043a\u0440\u0430\u0457\u043d\u0456<\/a>\n\n<span style=\"color: #000000;\">\u041f\u043e\u0442\u0440\u0456\u0431\u043d\u0430 \u0434\u043e\u043f\u043e\u043c\u043e\u0433\u0430 - \u043d\u0430\u0439\u0432\u0430\u0436\u043b\u0438\u0432\u0456\u0448\u0430 \u0456\u043d\u0444\u043e\u0440\u043c\u0430\u0446\u0456\u044f - \u043e\u0441\u043d\u043e\u0432\u043d\u0456 \u043c\u043e\u043c\u0435\u043d\u0442\u0438 - \u0437\u0430\u0445\u043e\u0434\u0438 \u0434\u043b\u044f \u0434\u0456\u0442\u0435\u0439 \u0437 \u0423\u043a\u0440\u0430\u0457\u043d\u0438:<\/span>\n<a href=\"http:\/\/ukraina.gdanskpomaga.pl\/uk\/\" target=\"_blank\" rel=\"noopener\"><span style=\"color: #0000ff;\">http:\/\/ukraina.gdanskpomaga.pl\/uk\/<\/span><\/a>\n<\/span><\/strong><\/pre>\n\n\n<div class=\"wp-block-image\">\n<figure class=\"aligncenter\"><img decoding=\"async\" src=\"https:\/\/ukraina.gdanskpomaga.pl\/wp-content\/uploads\/2022\/02\/ua_logo.png\" alt=\"\"\/><\/figure><\/div>\n\n\n<p><a href=\"https:\/\/ukraina.gdanskpomaga.pl\/uk\/\" target=\"_blank\" rel=\"noopener\"><strong style=\"font-size: 17.28px;\"><span style=\"color: #000000;\"><strong>Infolinia +48 500 218 337<\/strong><\/span><\/strong><\/a><\/p>\n\n\n\n<p><strong>\u0423 \u0437\u0432\u2019\u044f\u0437\u043a\u0443 \u0437 \u0441\u0438\u0442\u0443\u0430\u0446\u0456\u0454\u044e \u0432 \u0423\u043a\u0440\u0430\u0457\u043d\u0456 \u0442\u0430 \u0447\u0438\u0441\u043b\u0435\u043d\u043d\u0438\u043c\u0438 \u0437\u0430\u043f\u0438\u0442\u0430\u043d\u043d\u044f\u043c\u0438 \u044f\u043a \u0431\u0456\u0436\u0435\u043d\u0446\u0456\u0432 \u0437 \u0423\u043a\u0440\u0430\u0457\u043d\u0438, \u0442\u0430\u043a \u0456 \u0436\u0438\u0442\u0435\u043b\u0456\u0432 \u0413\u0434\u0430\u043d\u0441\u044c\u043a\u0430, \u043d\u0430 \u043f\u043e\u0440\u0442\u0430\u043b\u0456 Gda\u0144sk Pomaga<span style=\"color: #0000ff;\"><a style=\"color: #0000ff;\" href=\"https:\/\/ukraina.gdanskpomaga.pl\/\" target=\"_blank\" rel=\"noopener\">&nbsp;ukraina.gdanskpomaga.pl<\/a><\/span>&nbsp;\u0437\u0430\u043f\u0440\u0430\u0446\u044e\u0432\u0430\u043b\u0430 \u043f\u0456\u0434\u0441\u0442\u043e\u0440\u0456\u043d\u043a\u0430. \u0426\u0435\u0439 \u0432\u0435\u0431-\u0441\u0430\u0439\u0442 \u043f\u0440\u0438\u0439\u043c\u0430\u0454 \u0437\u0432\u0456\u0442\u0438 \u0432\u0456\u0434 \u043b\u044e\u0434\u0435\u0439, \u044f\u043a\u0456 \u043f\u043e\u0442\u0440\u0435\u0431\u0443\u044e\u0442\u044c \u0434\u043e\u043f\u043e\u043c\u043e\u0433\u0438, \u0430 \u0442\u0430\u043a\u043e\u0436 \u0432\u0456\u0434 \u0442\u0438\u0445, \u0445\u0442\u043e \u0434\u0435\u043a\u043b\u0430\u0440\u0443\u0454 \u0442\u0430\u043a\u0443 \u0434\u043e\u043f\u043e\u043c\u043e\u0433\u0443. \u041f\u043e\u0442\u0440\u0456\u0431\u043d\u0430 \u0444\u0456\u043d\u0430\u043d\u0441\u043e\u0432\u0430 \u0442\u0430 \u043c\u0430\u0442\u0435\u0440\u0456\u0430\u043b\u044c\u043d\u0430 \u043f\u0456\u0434\u0442\u0440\u0438\u043c\u043a\u0430, \u0430 \u0442\u0430\u043a\u043e\u0436 \u0434\u043e\u043f\u043e\u043c\u043e\u0433\u0430 \u043f\u0441\u0438\u0445\u043e\u043b\u043e\u0433\u0456\u0432 \u0442\u0430 \u043b\u044e\u0434\u0435\u0439, \u044f\u043a\u0456 \u0431 \u0432\u0437\u044f\u043b\u0438\u0441\u044f \u0437\u0430 \u043f\u0435\u0440\u0435\u043a\u043b\u0430\u0434 \u0443\u043a\u0440\u0430\u0457\u043d\u0441\u044c\u043a\u043e\u044e \u043c\u043e\u0432\u043e\u044e.&nbsp;<\/strong><\/p>\n\n\n\n<p><strong><span style=\"color: #000000;\">Pomorska infolinia dla uchod\u017ac\u00f3w<\/span> +48 734 117 307.<\/strong> Pod tym nr osoby z Ukrainy, potrzebuj\u0105ce pomocy, b\u0119d\u0105 mog\u0142y uzyska\u0107 informacje o:<\/p>\n\n\n\n<ul>\n<li>mo\u017cliwo\u015bci zakwaterowania na terenie wojew\u00f3dztwa pomorskiego, w obiektach przygotowanych przez Wojewod\u0119 Pomorskiego<\/li>\n\n\n\n<li>adresach plac\u00f3wek Stra\u017cy Granicznej (dla obywateli Ukrainy, kt\u00f3rzy maj\u0105 tzw. nieuregulowany status np. nie posiadaj\u0105 paszport\u00f3w lub innego dowodu to\u017csamo\u015bci)<\/li>\n\n\n\n<li>kwestiach zwi\u0105zanych z pomoc\u0105 medyczn\u0105, \u017cywno\u015bciow\u0105 etc.<br><span style=\"color: #000000;\">&nbsp;<\/span><\/li>\n<\/ul>\n\n\n\n<p><span style=\"color: #000000;\"><strong>\u041b\u044e\u0434\u0438 \u0437 \u0423\u043a\u0440\u0430\u0457\u043d\u0438, \u044f\u043a\u0456 \u043f\u043e\u0442\u0440\u0435\u0431\u0443\u044e\u0442\u044c \u0434\u043e\u043f\u043e\u043c\u043e\u0433\u0438, \u0437\u043c\u043e\u0436\u0443\u0442\u044c \u043e\u0442\u0440\u0438\u043c\u0430\u0442\u0438 \u0456\u043d\u0444\u043e\u0440\u043c\u0430\u0446\u0456\u044e \u043f\u0440\u043e:&nbsp;<\/strong><\/span><\/p>\n\n\n\n<ul>\n<li><span style=\"color: #000000;\"><strong>\u043c\u043e\u0436\u043b\u0438\u0432\u043e\u0441\u0442\u0456 \u0440\u043e\u0437\u043c\u0456\u0449\u0435\u043d\u043d\u044f \u043d\u0430 \u0442\u0435\u0440\u0438\u0442\u043e\u0440\u0456\u0457 \u041f\u043e\u043c\u043e\u0440\u0441\u044c\u043a\u043e\u0433\u043e \u0432\u043e\u0454\u0432\u043e\u0434\u0441\u0442\u0432\u0430, \u0432 \u043e\u0431&#8217;\u0454\u043a\u0442\u0430\u0445, \u043f\u0456\u0434\u0433\u043e\u0442\u043e\u0432\u043b\u0435\u043d\u0438\u0445 \u041f\u043e\u043c\u043e\u0440\u0441\u044c\u043a\u0438\u043c \u0432\u043e\u0454\u0432\u043e\u0434\u043e\u044e;&nbsp;<\/strong><\/span><\/li>\n\n\n\n<li><span style=\"color: #000000;\"><strong>\u0430\u0434\u0440\u0435\u0441\u0438 \u043f\u0440\u0438\u043a\u043e\u0440\u0434\u043e\u043d\u043d\u0438\u0445 \u0441\u043b\u0443\u0436\u0431 (\u0434\u043b\u044f \u0433\u0440\u043e\u043c\u0430\u0434\u044f\u043d \u0423\u043a\u0440\u0430\u0457\u043d\u0438, \u044f\u043a\u0456 \u043c\u0430\u044e\u0442\u044c \u0442\u0430\u043a \u0437\u0432\u0430\u043d\u0438\u0439 \u043d\u0435\u0440\u0435\u0433\u0443\u043b\u044c\u043e\u0432\u0430\u043d\u0438\u0439 \u0441\u0442\u0430\u0442\u0443\u0441, \u043d\u0430\u043f\u0440\u0438\u043a\u043b\u0430\u0434, \u043d\u0435 \u043c\u0430\u044e\u0442\u044c \u043f\u0430\u0441\u043f\u043e\u0440\u0442\u0456\u0432 \u0430\u0431\u043e \u0456\u043d\u0448\u043e\u0433\u043e \u043f\u043e\u0441\u0432\u0456\u0434\u0447\u0435\u043d\u043d\u044f \u043e\u0441\u043e\u0431\u0438);&nbsp;<\/strong><\/span><\/li>\n\n\n\n<li><span style=\"color: #000000;\"><strong>\u043f\u0438\u0442\u0430\u043d\u043d\u044f, \u043f\u043e\u0432&#8217;\u044f\u0437\u0430\u043d\u0456 \u0437 \u043c\u0435\u0434\u0438\u0447\u043d\u043e\u044e, \u043f\u0440\u043e\u0434\u043e\u0432\u043e\u043b\u044c\u0447\u043e\u044e \u0434\u043e\u043f\u043e\u043c\u043e\u0433\u043e\u044e \u0456 \u0442. \u0434.&nbsp;<\/strong><\/span><\/li>\n<\/ul>\n\n\n\n<pre class=\"wp-block-preformatted\">&nbsp;<\/pre>\n\n\n\n<hr class=\"wp-block-separator has-alpha-channel-opacity\"\/>\n\n\n\n<pre class=\"wp-block-preformatted\"><span style=\"color: #000000;\"><strong>\u041c\u0435\u0434\u0438\u0447\u043d\u0430 \u0434\u043e\u043f\u043e\u043c\u043e\u0433\u0430 \u0434\u043b\u044f \u0433\u0440\u043e\u043c\u0430\u0434\u044f\u043d \u0423\u043a\u0440\u0430\u0457\u043d\u0438:\n<span style=\"color: #0000ff;\"><a style=\"color: #0000ff;\" href=\"https:\/\/www.gov.pl\/web\/zdrowie\/pomoc-medyczna-dla-ukrainy\" target=\"_blank\" rel=\"noopener\">https:\/\/www.gov.pl\/web\/zdrowie\/pomoc-medyczna-dla-ukrainy<\/a><\/span><\/strong><\/span>\n<strong><span style=\"color: #0000ff;\"><a style=\"color: #0000ff;\" href=\"https:\/\/pacjent.gov.pl\/tag\/pacienti-z-ukraini\" target=\"_blank\" rel=\"noopener\">https:\/\/pacjent.gov.pl\/tag\/pacienti-z-ukraini<\/a>\n\n<\/span><\/strong><\/pre>\n\n\n\n<hr class=\"wp-block-separator has-alpha-channel-opacity\"\/>\n\n\n\n<pre class=\"wp-block-preformatted\"><strong><span style=\"color: #000000;\">\u0411\u0435\u0437\u043a\u043e\u0448\u0442\u043e\u0432\u043d\u0438\u0439 \u043f\u0440\u043e\u0457\u0437\u0434 \u043f\u043e\u0442\u044f\u0433\u043e\u043c \u0434\u043b\u044f \u0433\u0440\u043e\u043c\u0430\u0434\u044f\u043d \u0423\u043a\u0440\u0430\u0457\u043d\u0438<\/span>\n<span style=\"color: #0000ff;\"><a style=\"color: #0000ff;\" href=\"https:\/\/utk.gov.pl\/pl\/aktualnosci\/18518,Bezplatne-przejazdy-pociagami-dla-obywateli-Ukrainy.html?search=63688952\" target=\"_blank\" rel=\"noopener\">https:\/\/utk.gov.pl\/pl\/aktualnosci\/18518,Bezplatne-przejazdy-pociagami-dla-obywateli-Ukrainy.html?search=63688952<\/a>\n\n<\/span><\/strong><\/pre>\n\n\n\n<hr class=\"wp-block-separator has-alpha-channel-opacity\"\/>\n\n\n\n<pre class=\"wp-block-preformatted\"><strong>\u0411\u0435\u0437\u043a\u043e\u0448\u0442\u043e\u0432\u043d\u0438\u0439 \u043f\u0440\u043e\u0457\u0437\u0434 \u043c\u0456\u0441\u044c\u043a\u0438\u043c \u0442\u0440\u0430\u043d\u0441\u043f\u043e\u0440\u0442\u043e\u043c \u0434\u043b\u044f \u043c\u0456\u0433\u0440\u0430\u043d\u0442\u0456\u0432 \u0432\u043e\u0454\u043d\u043d\u0438\u0445 \u0437 \u0443\u043a\u0440\u0430\u0457\u043d\u0441\u044c\u043a\u0438\u043c \u0433\u0440\u043e\u043c\u0430\u0434\u044f\u043d\u0441\u0442\u0432\u043e\u043c \u0432\u0456\u0434\u0431\u0443\u0432\u0430\u0454\u0442\u044c\u0441\u044f \u043d\u0430 \u043f\u0456\u0434\u0441\u0442\u0430\u0432\u0456:<\/strong><\/pre>\n\n\n\n<ul>\n<li>\n<pre><strong>\u043f\u0430\u0441\u043f\u043e\u0440\u0442\u0443 \u0437 \u0432'\u0457\u0437\u043d\u0438\u043c \u0448\u0442\u0430\u043c\u043f\u043e\u043c \u0432\u0456\u0434 \u0434\u0430\u0442\u0438 24 \u043b\u044e\u0442\u043e\u0433\u043e 2022 \u0440.,<\/strong><\/pre>\n<\/li>\n\n\n\n<li>\n<pre><strong>\u043a\u0430\u0440\u0442\u0438 \u0431\u0456\u0436\u0435\u043d\u0446\u044f \u0430\u0431\u043e<\/strong><\/pre>\n<\/li>\n\n\n\n<li>\n<pre><strong>\u0456\u043d\u0448\u043e\u0433\u043e \u0434\u043e\u043a\u0443\u043c\u0435\u043d\u0442\u0443, \u0449\u043e \u043f\u043e\u0441\u0432\u0456\u0434\u0447\u0443\u0454 \u0433\u0440\u043e\u043c\u0430\u0434\u044f\u043d\u0441\u0442\u0432\u043e.<\/strong><\/pre>\n<\/li>\n<\/ul>\n\n\n\n<pre class=\"wp-block-preformatted\"><strong>\u0411\u0435\u0437\u043a\u043e\u0448\u0442\u043e\u0432\u043d\u0438\u0439 \u043f\u0440\u043e\u0457\u0437\u0434 \u0434\u0456\u0454 \u0434\u043e \u043a\u0456\u043d\u0446\u044f \u0431\u0435\u0440\u0435\u0437\u043d\u044f.\n\n<\/strong><strong><span style=\"color: #0000ff;\"><a style=\"color: #0000ff;\" href=\"https:\/\/ztm.gda.pl\/wiadomosci\/bezplatna-komunikacja-miejska-dla-migrantow-wojennych-z-ukrainy,a,8017\" target=\"_blank\" rel=\"noopener\">https:\/\/ztm.gda.pl\/wiadomosci\/bezplatna-komunikacja-miejska-dla-migrantow-wojennych-z-ukrainy,a,8017<\/a>\n\n<\/span><\/strong><strong><span style=\"color: #0000ff;\"><a style=\"color: #0000ff;\" href=\"https:\/\/www.gdansk.pl\/wiadomosci\/bedzie-bezplatna-komunikacja-miejska-dla-imigrantow-w-gdansku-i-metropolii,a,214582\" target=\"_blank\" rel=\"noopener\">https:\/\/www.gdansk.pl\/wiadomosci\/bedzie-bezplatna-komunikacja-miejska-dla-imigrantow-w-gdansku-i-metropolii,a,214582<\/a><\/span><\/strong><\/pre>\n\n\n\n<hr class=\"wp-block-separator has-alpha-channel-opacity\"\/>\n\n\n\n<p><span style=\"color: #0000ff;\"><span style=\"color: #000000;\"><strong>Ukrai\u0144cy w Polsce &#8211; niezb\u0119dnik dla uchod\u017ac\u00f3w i os\u00f3b, kt\u00f3re im pomagaj\u0105:<\/strong><\/span><\/span><\/p>\n\n\n\n<p><a href=\"https:\/\/www.rp.pl\/cudzoziemcy\/art35807621-ukraincy-w-polsce-niezbednik-dla-uchodzcow-i-osob-ktore-im-pomagaja\">https:\/\/www.rp.pl\/cudzoziemcy\/art35807621-ukraincy-w-polsce-niezbednik-dla-uchodzcow-i-osob-ktore-im-pomagaja<\/a><strong style=\"font-size: 17.28px;\"><span style=\"color: #000000;\"><\/span><\/strong><\/p>\n<\/div>\n<\/li><\/ul>\n\n\n\n<\/div>\n","protected":false},"excerpt":{"rendered":"","protected":false},"author":33,"featured_media":0,"parent":0,"menu_order":0,"comment_status":"closed","ping_status":"closed","template":"","meta":[],"jetpack_sharing_enabled":true,"_links":{"self":[{"href":"http:\/\/www.gdansk.baptysci.pl\/index.php\/wp-json\/wp\/v2\/pages\/18833"}],"collection":[{"href":"http:\/\/www.gdansk.baptysci.pl\/index.php\/wp-json\/wp\/v2\/pages"}],"about":[{"href":"http:\/\/www.gdansk.baptysci.pl\/index.php\/wp-json\/wp\/v2\/types\/page"}],"author":[{"embeddable":true,"href":"http:\/\/www.gdansk.baptysci.pl\/index.php\/wp-json\/wp\/v2\/users\/33"}],"replies":[{"embeddable":true,"href":"http:\/\/www.gdansk.baptysci.pl\/index.php\/wp-json\/wp\/v2\/comments?post=18833"}],"version-history":[{"count":4,"href":"http:\/\/www.gdansk.baptysci.pl\/index.php\/wp-json\/wp\/v2\/pages\/18833\/revisions"}],"predecessor-version":[{"id":19054,"href":"http:\/\/www.gdansk.baptysci.pl\/index.php\/wp-json\/wp\/v2\/pages\/18833\/revisions\/19054"}],"wp:attachment":[{"href":"http:\/\/www.gdansk.baptysci.pl\/index.php\/wp-json\/wp\/v2\/media?parent=18833"}],"curies":[{"name":"wp","href":"https:\/\/api.w.org\/{rel}","templated":true}]}}