{"id":18830,"date":"2022-12-14T14:54:46","date_gmt":"2022-12-14T12:54:46","guid":{"rendered":"http:\/\/www.gdansk.baptysci.pl\/?page_id=18830"},"modified":"2023-03-05T15:08:54","modified_gmt":"2023-03-05T13:08:54","slug":"konferencje","status":"publish","type":"page","link":"http:\/\/www.gdansk.baptysci.pl\/index.php\/konferencje\/","title":{"rendered":"Konferencje i wyk\u0142ady"},"content":{"rendered":"\n<figure class=\"wp-block-image size-full is-resized\"><a href=\"http:\/\/www.gdansk.baptysci.pl\/wp-content\/uploads\/2015\/01\/t\u0142o.jpg\"><img data-attachment-id=\"863\" data-permalink=\"http:\/\/www.gdansk.baptysci.pl\/tlo\/\" data-orig-file=\"http:\/\/www.gdansk.baptysci.pl\/wp-content\/uploads\/2015\/01\/t\u0142o.jpg\" data-orig-size=\"671,161\" data-comments-opened=\"1\" data-image-meta=\"{&quot;aperture&quot;:&quot;0&quot;,&quot;credit&quot;:&quot;&quot;,&quot;camera&quot;:&quot;&quot;,&quot;caption&quot;:&quot;&quot;,&quot;created_timestamp&quot;:&quot;0&quot;,&quot;copyright&quot;:&quot;&quot;,&quot;focal_length&quot;:&quot;0&quot;,&quot;iso&quot;:&quot;0&quot;,&quot;shutter_speed&quot;:&quot;0&quot;,&quot;title&quot;:&quot;&quot;,&quot;orientation&quot;:&quot;0&quot;}\" data-image-title=\"t\u0142o\" data-image-description=\"\" data-image-caption=\"\" data-medium-file=\"http:\/\/www.gdansk.baptysci.pl\/wp-content\/uploads\/2015\/01\/t\u0142o-300x72.jpg\" data-large-file=\"http:\/\/www.gdansk.baptysci.pl\/wp-content\/uploads\/2015\/01\/t\u0142o.jpg\" decoding=\"async\" loading=\"lazy\" src=\"http:\/\/www.gdansk.baptysci.pl\/wp-content\/uploads\/2015\/01\/t\u0142o.jpg\" alt=\"\" class=\"wp-image-863\" width=\"879\" height=\"211\" srcset=\"http:\/\/www.gdansk.baptysci.pl\/wp-content\/uploads\/2015\/01\/t\u0142o.jpg 671w, http:\/\/www.gdansk.baptysci.pl\/wp-content\/uploads\/2015\/01\/t\u0142o-300x72.jpg 300w\" sizes=\"(max-width: 709px) 85vw, (max-width: 909px) 67vw, (max-width: 1362px) 62vw, 840px\" \/><\/a><\/figure>\n\n\n\n<h2>2021 <\/h2>\n\n\n\n<ul>\n<li>09. <a href=\"http:\/\/www.gdansk.baptysci.pl\/index.php\/2021-weekend-zborowy-ireneusz-dawidowicz-relacja\/\" data-type=\"URL\">Weekend Zborowy &#8211; Ireneusz Dawidowicz &#8211; R(el)acja <\/a><\/li>\n<\/ul>\n\n\n\n<h2>2020<\/h2>\n\n\n\n<ul>\n<li>02. <a href=\"http:\/\/www.gdansk.baptysci.pl\/index.php\/2020-02-01-historia-izraela-piotr-gruchala\/\" data-type=\"URL\" data-id=\"http:\/\/www.gdansk.baptysci.pl\/index.php\/2020-02-01-historia-izraela-piotr-gruchala\/\">Historia Izraela &#8211; Piotr Grucha\u0142a<\/a><\/li>\n<\/ul>\n\n\n\n<h2>2018<\/h2>\n\n\n\n<ul>\n<li>03. <a href=\"http:\/\/www.gdansk.baptysci.pl\/index.php\/2018-konferencja-mlodziezowa-nie-zmarnuj-zycia\/\" data-type=\"URL\" data-id=\"http:\/\/www.gdansk.baptysci.pl\/index.php\/2018-konferencja-mlodziezowa-nie-zmarnuj-zycia\/\">Konferencja m\u0142odzie\u017cowa &#8222;Nie zmarnuj \u017cycia&#8221;<\/a><\/li>\n\n\n\n<li>06. <a href=\"http:\/\/www.gdansk.baptysci.pl\/index.php\/2018-jerry-root-w-polsce\/\" data-type=\"URL\" data-id=\"http:\/\/www.gdansk.baptysci.pl\/index.php\/2018-jerry-root-w-polsce\/\">Jerry Root<\/a><\/li>\n<\/ul>\n\n\n\n<h2>2016<\/h2>\n\n\n\n<ul>\n<li>12. <a href=\"http:\/\/www.gdansk.baptysci.pl\/index.php\/2016-2017-konferencja-sylwestrowa\/\" data-type=\"URL\" data-id=\"http:\/\/www.gdansk.baptysci.pl\/index.php\/2016-2017-konferencja-sylwestrowa\/\">Konferencja sylwestrowa<\/a><\/li>\n<\/ul>\n\n\n\n<h2>2015<\/h2>\n\n\n\n<ul>\n<li>02. <a href=\"http:\/\/www.gdansk.baptysci.pl\/index.php\/2015-02-09-13-mini-oboz\/\" data-type=\"URL\" data-id=\"http:\/\/www.gdansk.baptysci.pl\/index.php\/2015-02-09-13-mini-oboz\/\">Mini ob\u00f3z<\/a><\/li>\n\n\n\n<li>05. <a href=\"http:\/\/www.gdansk.baptysci.pl\/index.php\/2015-05-ellis-potter\/\" data-type=\"URL\" data-id=\"http:\/\/www.gdansk.baptysci.pl\/index.php\/2015-05-ellis-potter\/\">Ellis Potter<\/a><\/li>\n<\/ul>\n\n\n\n<h2>2014<\/h2>\n\n\n\n<ul>\n<li>01. <a href=\"http:\/\/www.gdansk.baptysci.pl\/index.php\/spotkanie-mlodziezowe\/\" data-type=\"URL\" data-id=\"http:\/\/www.gdansk.baptysci.pl\/index.php\/spotkanie-mlodziezowe\/\">Spotkanie m\u0142odzie\u017cowe<\/a><\/li>\n\n\n\n<li>01. <a href=\"http:\/\/www.gdansk.baptysci.pl\/index.php\/oboz-zimowy\/\" data-type=\"URL\" data-id=\"http:\/\/www.gdansk.baptysci.pl\/index.php\/oboz-zimowy\/\">Ob\u00f3z zimowy<\/a><\/li>\n\n\n\n<li>05. <a href=\"http:\/\/www.gdansk.baptysci.pl\/index.php\/weekend-zborowy-tomasz-krazek-poboznosc-modyfikowana-genetycznie\/\">Weekend Zborowy &#8211; Tomasz Kr\u0105\u017cek &#8211; Pobo\u017cno\u015b\u0107 modyfikowana genetycznie<\/a><\/li>\n\n\n\n<li>12. <a href=\"http:\/\/www.gdansk.baptysci.pl\/index.php\/2014-12-29-31-i-zjazd-mlodziezowy\/\" data-type=\"URL\" data-id=\"http:\/\/www.gdansk.baptysci.pl\/index.php\/2014-12-29-31-i-zjazd-mlodziezowy\/\">I Zjazd M\u0142odzie\u017cowy<\/a><\/li>\n<\/ul>\n\n\n\n<h2>2013<\/h2>\n\n\n\n<ul>\n<li>04. <a href=\"http:\/\/www.gdansk.baptysci.pl\/index.php\/henryk-skrzypkowski-ewangelia-jest-dla-wszystkich\/\" data-type=\"URL\" data-id=\"http:\/\/www.gdansk.baptysci.pl\/index.php\/henryk-skrzypkowski-ewangelia-jest-dla-wszystkich\/\">Henryk Skrzypkowski &#8211; Ewangelia jest dla wszystkich<\/a><\/li>\n\n\n\n<li>05. <a href=\"http:\/\/www.gdansk.baptysci.pl\/index.php\/konferencja-historyczna\/\" data-type=\"URL\" data-id=\"http:\/\/www.gdansk.baptysci.pl\/index.php\/konferencja-historyczna\/\">Konferencja historyczna<\/a><\/li>\n\n\n\n<li>06. <a href=\"http:\/\/www.gdansk.baptysci.pl\/index.php\/weekend-zborowy-zygmunt-karel-duchowa-dojrzalosc\/\">Weekend Zborowy &#8211; Zygmunt Karel &#8211; Duchowa dojrza\u0142o\u015b\u0107<\/a><\/li>\n<\/ul>\n\n\n\n<h2>2012<\/h2>\n\n\n\n<ul>\n<li>06. <a href=\"http:\/\/www.gdansk.baptysci.pl\/index.php\/weekend-zborowy-zygmunt-karel-ksiega-rut\/\">Weekend Zborowy &#8211; Zygmunt Karel &#8211; Ksi\u0119ga Rut<\/a><\/li>\n\n\n\n<li>12. <a href=\"http:\/\/www.gdansk.baptysci.pl\/index.php\/konferencja-mlodziezowa-krol-chroni-swoj-lud\/\">Konferencja m\u0142odzie\u017cowa &#8211; Kr\u00f3l chroni sw\u00f3j lud<\/a><\/li>\n<\/ul>\n\n\n\n<h2>2011<\/h2>\n\n\n\n<ul>\n<li>04. <a href=\"http:\/\/www.gdansk.baptysci.pl\/index.php\/wielkanoce-spotkanie-z-biblia-i-muzyka-henryk-skrzypkowski\/\">Wielkanocne spotkanie z Bibli\u0105 i muzyk\u0105 &#8211; Henryk Skrzypkowski<\/a><\/li>\n\n\n\n<li>06. <a href=\"http:\/\/www.gdansk.baptysci.pl\/index.php\/weekend-zborowy\/\">Weekend Zborowy<\/a><\/li>\n<\/ul>\n\n\n\n<h2>2010<\/h2>\n\n\n\n<ul>\n<li>04. <a href=\"http:\/\/www.gdansk.baptysci.pl\/index.php\/konferencja-teologiczna\/\">Konferencja teologiczna<\/a><\/li>\n\n\n\n<li>09. <a href=\"http:\/\/www.gdansk.baptysci.pl\/index.php\/stephen-tecklenberg-potop-prawda-czy-mit\/\" data-type=\"URL\" data-id=\"http:\/\/www.gdansk.baptysci.pl\/index.php\/stephen-tecklenberg-potop-prawda-czy-mit\/\">Stephen Tecklenberg &#8211; Potop, prawda czy mit?<\/a><\/li>\n\n\n\n<li>10. <a href=\"http:\/\/www.gdansk.baptysci.pl\/index.php\/mateusz-wichary-historia-reformacji\/\" data-type=\"URL\" data-id=\"http:\/\/www.gdansk.baptysci.pl\/index.php\/mateusz-wichary-historia-reformacji\/\">Mateusz Wichary &#8211; Historia reformacji<\/a><\/li>\n<\/ul>\n\n\n\n<h2>2009<\/h2>\n\n\n\n<ul>\n<li>06. <a href=\"http:\/\/www.gdansk.baptysci.pl\/index.php\/weekend-zborowy-zdzislaw-miara\/\">Weekend Zborowy &#8211; Zdzis\u0142aw Miara<\/a><\/li>\n<\/ul>\n\n\n\n<h2>2008<\/h2>\n\n\n\n<ul>\n<li>05. <a href=\"http:\/\/www.gdansk.baptysci.pl\/index.php\/weekend-zborowy-zbigniew-sobczak-niech-wasze-tak-bedzie-tak\/\">Weekend Zborowy &#8211; Zbigniew Sobczak &#8211; Niech wasze&#8221;tak&#8221;, b\u0119dzie &#8222;tak&#8221;<\/a><\/li>\n\n\n\n<li>12. <a href=\"http:\/\/www.gdansk.baptysci.pl\/index.php\/konferencja-niezmienna-prawda\/\">Konferencja: Niezmienna Prawda<\/a><\/li>\n<\/ul>\n\n\n\n<h2>2007<\/h2>\n\n\n\n<ul>\n<li>o5. <a href=\"http:\/\/www.gdansk.baptysci.pl\/index.php\/weekend-zborowy-robert-miksa\/\">Weekend Zborowy &#8211; Robert Miksa<\/a><\/li>\n\n\n\n<li>10. <a href=\"http:\/\/www.gdansk.baptysci.pl\/index.php\/konferencja-teologiczna-paulo-moreira-filho\/\">Konferencja teologiczna &#8211; Paulo Moreira Filho<\/a><\/li>\n<\/ul>\n\n\n\n<h2><mark style=\"background-color:rgba(0, 0, 0, 0)\" class=\"has-inline-color has-white-color\">2006<\/mark><\/h2>\n\n\n\n<ul>\n<li><mark style=\"background-color:rgba(0, 0, 0, 0)\" class=\"has-inline-color has-white-color\">06. Weekend Zborowy &#8211; Gustaw Cie\u015blar &#8211; Nie\/zwyczajne chrze\u015bcija\u0144skie \u017cycie<\/mark><\/li>\n<\/ul>\n\n\n\n<h2><mark style=\"background-color:rgba(0, 0, 0, 0)\" class=\"has-inline-color has-white-color\">2005<\/mark><\/h2>\n\n\n\n<ul>\n<li><mark style=\"background-color:rgba(0, 0, 0, 0)\" class=\"has-inline-color has-white-color\">10. Konferencja teologiczna<\/mark><\/li>\n<\/ul>\n","protected":false},"excerpt":{"rendered":"<p>2021 2020 2018 2016 2015 2014 2013 2012 2011 2010 2009 2008 2007 2006 2005<\/p>\n","protected":false},"author":33,"featured_media":0,"parent":0,"menu_order":0,"comment_status":"closed","ping_status":"closed","template":"","meta":[],"jetpack_sharing_enabled":true,"_links":{"self":[{"href":"http:\/\/www.gdansk.baptysci.pl\/index.php\/wp-json\/wp\/v2\/pages\/18830"}],"collection":[{"href":"http:\/\/www.gdansk.baptysci.pl\/index.php\/wp-json\/wp\/v2\/pages"}],"about":[{"href":"http:\/\/www.gdansk.baptysci.pl\/index.php\/wp-json\/wp\/v2\/types\/page"}],"author":[{"embeddable":true,"href":"http:\/\/www.gdansk.baptysci.pl\/index.php\/wp-json\/wp\/v2\/users\/33"}],"replies":[{"embeddable":true,"href":"http:\/\/www.gdansk.baptysci.pl\/index.php\/wp-json\/wp\/v2\/comments?post=18830"}],"version-history":[{"count":35,"href":"http:\/\/www.gdansk.baptysci.pl\/index.php\/wp-json\/wp\/v2\/pages\/18830\/revisions"}],"predecessor-version":[{"id":22086,"href":"http:\/\/www.gdansk.baptysci.pl\/index.php\/wp-json\/wp\/v2\/pages\/18830\/revisions\/22086"}],"wp:attachment":[{"href":"http:\/\/www.gdansk.baptysci.pl\/index.php\/wp-json\/wp\/v2\/media?parent=18830"}],"curies":[{"name":"wp","href":"https:\/\/api.w.org\/{rel}","templated":true}]}}