{"id":18681,"date":"2022-12-13T17:55:33","date_gmt":"2022-12-13T15:55:33","guid":{"rendered":"http:\/\/www.gdansk.baptysci.pl\/?page_id=18681"},"modified":"2026-02-04T19:35:15","modified_gmt":"2026-02-04T17:35:15","slug":"kontakt","status":"publish","type":"page","link":"http:\/\/www.gdansk.baptysci.pl\/index.php\/kontakt\/","title":{"rendered":"Kontakt"},"content":{"rendered":"\n<figure class=\"wp-block-image size-full\"><a href=\"http:\/\/www.gdansk.baptysci.pl\/wp-content\/uploads\/2014\/12\/headTC_Kontakt.png\"><img data-attachment-id=\"1391\" data-permalink=\"http:\/\/www.gdansk.baptysci.pl\/headtc_kontakt\/\" data-orig-file=\"http:\/\/www.gdansk.baptysci.pl\/wp-content\/uploads\/2014\/12\/headTC_Kontakt.png\" data-orig-size=\"954,265\" data-comments-opened=\"1\" data-image-meta=\"{&quot;aperture&quot;:&quot;0&quot;,&quot;credit&quot;:&quot;&quot;,&quot;camera&quot;:&quot;&quot;,&quot;caption&quot;:&quot;&quot;,&quot;created_timestamp&quot;:&quot;0&quot;,&quot;copyright&quot;:&quot;&quot;,&quot;focal_length&quot;:&quot;0&quot;,&quot;iso&quot;:&quot;0&quot;,&quot;shutter_speed&quot;:&quot;0&quot;,&quot;title&quot;:&quot;&quot;,&quot;orientation&quot;:&quot;0&quot;}\" data-image-title=\"headTC_Kontakt\" data-image-description=\"\" data-image-caption=\"\" data-medium-file=\"http:\/\/www.gdansk.baptysci.pl\/wp-content\/uploads\/2014\/12\/headTC_Kontakt-300x83.png\" data-large-file=\"http:\/\/www.gdansk.baptysci.pl\/wp-content\/uploads\/2014\/12\/headTC_Kontakt.png\" decoding=\"async\" loading=\"lazy\" width=\"954\" height=\"265\" src=\"http:\/\/www.gdansk.baptysci.pl\/wp-content\/uploads\/2014\/12\/headTC_Kontakt.png\" alt=\"\" class=\"wp-image-1391\" srcset=\"http:\/\/www.gdansk.baptysci.pl\/wp-content\/uploads\/2014\/12\/headTC_Kontakt.png 954w, http:\/\/www.gdansk.baptysci.pl\/wp-content\/uploads\/2014\/12\/headTC_Kontakt-300x83.png 300w\" sizes=\"(max-width: 709px) 85vw, (max-width: 909px) 67vw, (max-width: 1362px) 62vw, 840px\" \/><\/a><\/figure>\n\n\n\n<div class=\"is-vertical is-layout-flex wp-container-1 wp-block-group\">\n<h2><b>Ko\u015bci\u00f3\u0142 Chrze\u015bcijan Baptyst\u00f3w, Pierwszy Zb\u00f3r w Gda\u0144sku<\/b><\/h2>\n<\/div>\n\n\n\n<div class=\"is-layout-flex wp-container-8 wp-block-columns\">\n<div class=\"is-layout-flow wp-block-column\" style=\"flex-basis:40%\">\n<figure class=\"wp-block-image size-full is-resized is-style-rounded\"><a href=\"http:\/\/www.gdansk.baptysci.pl\/wp-content\/uploads\/2015\/01\/kaplica.jpg\"><img data-attachment-id=\"594\" data-permalink=\"http:\/\/www.gdansk.baptysci.pl\/?attachment_id=594\" data-orig-file=\"http:\/\/www.gdansk.baptysci.pl\/wp-content\/uploads\/2015\/01\/kaplica.jpg\" data-orig-size=\"340,453\" data-comments-opened=\"1\" data-image-meta=\"{&quot;aperture&quot;:&quot;0&quot;,&quot;credit&quot;:&quot;&quot;,&quot;camera&quot;:&quot;&quot;,&quot;caption&quot;:&quot;&quot;,&quot;created_timestamp&quot;:&quot;0&quot;,&quot;copyright&quot;:&quot;&quot;,&quot;focal_length&quot;:&quot;0&quot;,&quot;iso&quot;:&quot;0&quot;,&quot;shutter_speed&quot;:&quot;0&quot;,&quot;title&quot;:&quot;&quot;,&quot;orientation&quot;:&quot;1&quot;}\" data-image-title=\"kaplica\" data-image-description=\"\" data-image-caption=\"\" data-medium-file=\"http:\/\/www.gdansk.baptysci.pl\/wp-content\/uploads\/2015\/01\/kaplica-225x300.jpg\" data-large-file=\"http:\/\/www.gdansk.baptysci.pl\/wp-content\/uploads\/2015\/01\/kaplica.jpg\" decoding=\"async\" loading=\"lazy\" src=\"http:\/\/www.gdansk.baptysci.pl\/wp-content\/uploads\/2015\/01\/kaplica.jpg\" alt=\"\" class=\"wp-image-594\" width=\"216\" height=\"287\" srcset=\"http:\/\/www.gdansk.baptysci.pl\/wp-content\/uploads\/2015\/01\/kaplica.jpg 340w, http:\/\/www.gdansk.baptysci.pl\/wp-content\/uploads\/2015\/01\/kaplica-225x300.jpg 225w\" sizes=\"(max-width: 216px) 85vw, 216px\" \/><\/a><\/figure>\n\n\n\n<p><strong>Niedzielne nabo\u017ce\u0144stwo: 10:30<\/strong><\/p>\n\n\n\n<div class=\"is-vertical is-layout-flex wp-container-2 wp-block-group\">\n<p>ul. D\u0105browskiego 11,&nbsp;<\/p>\n\n\n\n<p>80-153 Gda\u0144sk<\/p>\n<\/div>\n<\/div>\n\n\n\n<div class=\"is-layout-flow wp-block-column\" style=\"flex-basis:66.66%\">\n<div style=\"height:35px\" aria-hidden=\"true\" class=\"wp-block-spacer\"><\/div>\n\n\n\n<div class=\"is-vertical is-layout-flex wp-container-4 wp-block-group\">\n<p><strong>Kancelaria zboru &#8211; godziny otwarcia:<\/strong><\/p>\n\n\n\n<p><em>Wtorek: 10:00-16:00<\/em><\/p>\n\n\n\n<p><em>\u015aroda: 12:00-18:00<\/em><\/p>\n<\/div>\n\n\n\n<div style=\"height:35px\" aria-hidden=\"true\" class=\"wp-block-spacer\"><\/div>\n\n\n\n<div class=\"is-vertical is-layout-flex wp-container-5 wp-block-group\">\n<p><span style=\"text-decoration: underline;\">Kancelaria:<\/span><\/p>\n\n\n\n<p>Izabela Karpienia &#8211; <strong>880 826 868<\/strong><\/p>\n<\/div>\n\n\n\n<div style=\"height:35px\" aria-hidden=\"true\" class=\"wp-block-spacer\"><\/div>\n\n\n\n<div class=\"is-vertical is-layout-flex wp-container-6 wp-block-group\">\n<p><span style=\"text-decoration: underline;\">Administracja:<\/span><\/p>\n\n\n\n<p>Dorota Grybek &#8211; <strong>509 381 941<\/strong><\/p>\n<\/div>\n<\/div>\n<\/div>\n\n\n\n<div style=\"height:25px\" aria-hidden=\"true\" class=\"wp-block-spacer\"><\/div>\n\n\n\n<div class=\"is-vertical is-layout-flex wp-container-9 wp-block-group\">\n<p>Rada Zboru: <a href=\"mailto:rada@gdansk.baptysci.pl\"><span style=\"color: #000000;\">rada@gdansk.baptysci.pl<\/span><\/a><\/p>\n\n\n\n<p>e-mail: <a href=\"mailto:kancelaria@gdansk.baptysci.pl\"><span style=\"color: #000000;\">kancelaria@gdansk.baptysci.pl<\/span><\/a>, <\/p>\n\n\n\n<p><a href=\"mailto:administracja@gdansk.baptysci.pl\"><mark style=\"background-color:rgba(0, 0, 0, 0)\" class=\"has-inline-color has-dark-gray-color\">administracja@gdansk.baptysci.pl<\/mark><\/a><\/p>\n<\/div>\n\n\n\n<div style=\"height:35px\" aria-hidden=\"true\" class=\"wp-block-spacer\"><\/div>\n\n\n\n<div class=\"is-vertical is-layout-flex wp-container-10 wp-block-group\">\n<p>nr konta bankowego: Alior Bank <span style=\"color: #000000;\">43 2490 0005 0000 4500 7591 4520<\/span><\/p>\n\n\n\n<p>darowizna przez <a href=\"https:\/\/www.paypal.com\/paypalme\/1KCHBGDANSK\" data-type=\"URL\" data-id=\"https:\/\/www.paypal.com\/paypalme\/1KCHBGDANSK\" target=\"_blank\" rel=\"noreferrer noopener\">PayPal<\/a><\/p>\n<\/div>\n\n\n\n<p><iframe loading=\"lazy\" style=\"border: 0px currentColor;\" src=\"https:\/\/www.google.com\/maps\/embed?pb=!1m18!1m12!1m3!1d2325.1584044195892!2d18.63371159999999!3d54.35418180000003!2m3!1f0!2f0!3f0!3m2!1i1024!2i768!4f13.1!3m3!1m2!1s0x46fd73827ebd12bb%3A0x47d8ec0cca929446!2sGenera%C5%82a+Henryka+D%C4%85browskiego+11%2C+Gda%C5%84sk%2C+Polska!5e0!3m2!1spl!2s!4v1419789451059\" width=\"600\" height=\"450\" frameborder=\"0\"><\/iframe><\/p>\n\n\n\n<hr class=\"wp-block-separator has-alpha-channel-opacity is-style-wide\"\/>\n\n\n\n<h3 class=\"has-text-align-center\">Formularz kontaktowy<\/h3>\n\n\n<div class=\"wp-block-jetpack-contact-form\"><a href=\"http:\/\/www.gdansk.baptysci.pl\/index.php\/kontakt\/\" target=\"_blank\" rel=\"noopener noreferrer\">Submit a form.<\/a><\/div>","protected":false},"excerpt":{"rendered":"<p>Ko\u015bci\u00f3\u0142 Chrze\u015bcijan Baptyst\u00f3w, Pierwszy Zb\u00f3r w Gda\u0144sku Niedzielne nabo\u017ce\u0144stwo: 10:30 ul. D\u0105browskiego 11,&nbsp; 80-153 Gda\u0144sk Kancelaria zboru &#8211; godziny otwarcia: Wtorek: 10:00-16:00 \u015aroda: 12:00-18:00 Kancelaria: Izabela Karpienia &#8211; 880 826 868 Administracja: Dorota Grybek &#8211; 509 381 941 Rada Zboru: rada@gdansk.baptysci.pl e-mail: kancelaria@gdansk.baptysci.pl, administracja@gdansk.baptysci.pl nr konta bankowego: Alior Bank 43 2490 0005 0000 4500 7591 &hellip; <a href=\"http:\/\/www.gdansk.baptysci.pl\/index.php\/kontakt\/\" class=\"more-link\">Czytaj dalej<span class=\"screen-reader-text\"> \u201eKontakt\u201d<\/span><\/a><\/p>\n","protected":false},"author":33,"featured_media":0,"parent":0,"menu_order":0,"comment_status":"closed","ping_status":"closed","template":"","meta":[],"jetpack_sharing_enabled":true,"_links":{"self":[{"href":"http:\/\/www.gdansk.baptysci.pl\/index.php\/wp-json\/wp\/v2\/pages\/18681"}],"collection":[{"href":"http:\/\/www.gdansk.baptysci.pl\/index.php\/wp-json\/wp\/v2\/pages"}],"about":[{"href":"http:\/\/www.gdansk.baptysci.pl\/index.php\/wp-json\/wp\/v2\/types\/page"}],"author":[{"embeddable":true,"href":"http:\/\/www.gdansk.baptysci.pl\/index.php\/wp-json\/wp\/v2\/users\/33"}],"replies":[{"embeddable":true,"href":"http:\/\/www.gdansk.baptysci.pl\/index.php\/wp-json\/wp\/v2\/comments?post=18681"}],"version-history":[{"count":18,"href":"http:\/\/www.gdansk.baptysci.pl\/index.php\/wp-json\/wp\/v2\/pages\/18681\/revisions"}],"predecessor-version":[{"id":22462,"href":"http:\/\/www.gdansk.baptysci.pl\/index.php\/wp-json\/wp\/v2\/pages\/18681\/revisions\/22462"}],"wp:attachment":[{"href":"http:\/\/www.gdansk.baptysci.pl\/index.php\/wp-json\/wp\/v2\/media?parent=18681"}],"curies":[{"name":"wp","href":"https:\/\/api.w.org\/{rel}","templated":true}]}}