{"id":18673,"date":"2022-12-13T17:31:07","date_gmt":"2022-12-13T15:31:07","guid":{"rendered":"http:\/\/www.gdansk.baptysci.pl\/?page_id=18673"},"modified":"2022-12-14T21:13:16","modified_gmt":"2022-12-14T19:13:16","slug":"o-nas","status":"publish","type":"page","link":"http:\/\/www.gdansk.baptysci.pl\/index.php\/o-nas\/","title":{"rendered":"O nas"},"content":{"rendered":"\n<figure class=\"wp-block-image size-full\"><a href=\"http:\/\/www.gdansk.baptysci.pl\/wp-content\/uploads\/2014\/12\/cropped-cropped-Zrzut-ekranu-2017-01-29-o-21.32.51-1.png\"><img decoding=\"async\" src=\"http:\/\/www.gdansk.baptysci.pl\/wp-content\/uploads\/2014\/12\/cropped-cropped-Zrzut-ekranu-2017-01-29-o-21.32.51-1.png\" alt=\"\" class=\"wp-image-18551\"\/><\/a><\/figure>\n\n\n\n<div class=\"is-layout-constrained wp-block-group\"><div class=\"wp-block-group__inner-container\">\n<div class=\"is-layout-constrained wp-block-group\"><div class=\"wp-block-group__inner-container\">\n<blockquote class=\"wp-block-quote\">\n<p><a href=\"http:\/\/www.gdansk.baptysci.pl\/index.php\/kim-jestesmy-i-w-co-wierzymy\/\" data-type=\"URL\" data-id=\"http:\/\/www.gdansk.baptysci.pl\/index.php\/kim-jestesmy-i-w-co-wierzymy\/\">Kim jeste\u015bmy i w co wierzymy?<\/a><\/p>\n<\/blockquote>\n\n\n\n<blockquote class=\"wp-block-quote\">\n<p><a href=\"http:\/\/www.baptysci.pl\" data-type=\"URL\" data-id=\"www.baptysci.pl\">Ko\u015bci\u00f3\u0142 Chrze\u015bcijan Baptyst\u00f3w w RP<\/a><\/p>\n<\/blockquote>\n\n\n\n<blockquote class=\"wp-block-quote\">\n<p><a href=\"https:\/\/www.youtube.com\/channel\/UCe89-DQssL7Oe0g6UFj9KVg\" data-type=\"URL\" data-id=\"https:\/\/www.youtube.com\/channel\/UCe89-DQssL7Oe0g6UFj9KVg\">Bapty\u015bci TV<\/a><\/p>\n<\/blockquote>\n<\/div><\/div>\n<\/div><\/div>\n","protected":false},"excerpt":{"rendered":"<p>Kim jeste\u015bmy i w co wierzymy? Ko\u015bci\u00f3\u0142 Chrze\u015bcijan Baptyst\u00f3w w RP Bapty\u015bci TV<\/p>\n","protected":false},"author":33,"featured_media":0,"parent":0,"menu_order":0,"comment_status":"closed","ping_status":"closed","template":"","meta":[],"jetpack_sharing_enabled":true,"_links":{"self":[{"href":"http:\/\/www.gdansk.baptysci.pl\/index.php\/wp-json\/wp\/v2\/pages\/18673"}],"collection":[{"href":"http:\/\/www.gdansk.baptysci.pl\/index.php\/wp-json\/wp\/v2\/pages"}],"about":[{"href":"http:\/\/www.gdansk.baptysci.pl\/index.php\/wp-json\/wp\/v2\/types\/page"}],"author":[{"embeddable":true,"href":"http:\/\/www.gdansk.baptysci.pl\/index.php\/wp-json\/wp\/v2\/users\/33"}],"replies":[{"embeddable":true,"href":"http:\/\/www.gdansk.baptysci.pl\/index.php\/wp-json\/wp\/v2\/comments?post=18673"}],"version-history":[{"count":5,"href":"http:\/\/www.gdansk.baptysci.pl\/index.php\/wp-json\/wp\/v2\/pages\/18673\/revisions"}],"predecessor-version":[{"id":19046,"href":"http:\/\/www.gdansk.baptysci.pl\/index.php\/wp-json\/wp\/v2\/pages\/18673\/revisions\/19046"}],"wp:attachment":[{"href":"http:\/\/www.gdansk.baptysci.pl\/index.php\/wp-json\/wp\/v2\/media?parent=18673"}],"curies":[{"name":"wp","href":"https:\/\/api.w.org\/{rel}","templated":true}]}}