{"id":18618,"date":"2022-12-13T13:08:06","date_gmt":"2022-12-13T11:08:06","guid":{"rendered":"http:\/\/www.gdansk.baptysci.pl\/?page_id=18618"},"modified":"2023-01-27T14:24:11","modified_gmt":"2023-01-27T12:24:11","slug":"akademik","status":"publish","type":"page","link":"http:\/\/www.gdansk.baptysci.pl\/index.php\/akademik\/","title":{"rendered":"Akademik"},"content":{"rendered":"\n<p>Mo\u017cliwo\u015b\u0107 wynaj\u0119cia pokoju jednoosobowego lub dwuosobowego dla studenta w Akademiku!<br>W standardzie podstawowym ze wsp\u00f3ln\u0105 \u0142azienk\u0105 damsk\u0105 lub m\u0119sk\u0105.<br>Wsp\u00f3lna kuchnia na tym samym poziomie. Mo\u017cliwo\u015b\u0107 skorzystania z naczy\u0144.<br>W Holu k\u0105cik wypoczynkowy. Mo\u017cliwo\u015b\u0107 skorzystania z deski do prasowania i \u017celazka.<br>W \u0142azienkach pralki automatyczne.<\/p>\n\n\n\n<div style=\"height:100px\" aria-hidden=\"true\" class=\"wp-block-spacer\"><\/div>\n\n\n\n<p><a href=\"http:\/\/www.gdansk.baptysci.pl\/index.php\/noclegi\/\" data-type=\"URL\" data-id=\"http:\/\/www.gdansk.baptysci.pl\/index.php\/noclegi\/\">&lt;&lt; powr\u00f3t do <strong>Noclegi<\/strong><\/a><\/p>\n","protected":false},"excerpt":{"rendered":"<p>Mo\u017cliwo\u015b\u0107 wynaj\u0119cia pokoju jednoosobowego lub dwuosobowego dla studenta w Akademiku!W standardzie podstawowym ze wsp\u00f3ln\u0105 \u0142azienk\u0105 damsk\u0105 lub m\u0119sk\u0105.Wsp\u00f3lna kuchnia na tym samym poziomie. Mo\u017cliwo\u015b\u0107 skorzystania z naczy\u0144.W Holu k\u0105cik wypoczynkowy. Mo\u017cliwo\u015b\u0107 skorzystania z deski do prasowania i \u017celazka.W \u0142azienkach pralki automatyczne. &lt;&lt; powr\u00f3t do Noclegi<\/p>\n","protected":false},"author":33,"featured_media":0,"parent":0,"menu_order":0,"comment_status":"closed","ping_status":"closed","template":"","meta":[],"jetpack_sharing_enabled":true,"_links":{"self":[{"href":"http:\/\/www.gdansk.baptysci.pl\/index.php\/wp-json\/wp\/v2\/pages\/18618"}],"collection":[{"href":"http:\/\/www.gdansk.baptysci.pl\/index.php\/wp-json\/wp\/v2\/pages"}],"about":[{"href":"http:\/\/www.gdansk.baptysci.pl\/index.php\/wp-json\/wp\/v2\/types\/page"}],"author":[{"embeddable":true,"href":"http:\/\/www.gdansk.baptysci.pl\/index.php\/wp-json\/wp\/v2\/users\/33"}],"replies":[{"embeddable":true,"href":"http:\/\/www.gdansk.baptysci.pl\/index.php\/wp-json\/wp\/v2\/comments?post=18618"}],"version-history":[{"count":8,"href":"http:\/\/www.gdansk.baptysci.pl\/index.php\/wp-json\/wp\/v2\/pages\/18618\/revisions"}],"predecessor-version":[{"id":20078,"href":"http:\/\/www.gdansk.baptysci.pl\/index.php\/wp-json\/wp\/v2\/pages\/18618\/revisions\/20078"}],"wp:attachment":[{"href":"http:\/\/www.gdansk.baptysci.pl\/index.php\/wp-json\/wp\/v2\/media?parent=18618"}],"curies":[{"name":"wp","href":"https:\/\/api.w.org\/{rel}","templated":true}]}}

<p>Możliwość wynajęcia pokoju jednoosobowego lub dwuosobowego dla studenta w Akademiku!<br>W standardzie podstawowym ze wspólną łazienką damską lub męską.<br>Wspólna kuchnia na tym samym poziomie. Możliwość skorzystania z naczyń.<br>W Holu kącik wypoczynkowy. Możliwość skorzystania z deski do prasowania i żelazka.<br>W łazienkach pralki automatyczne.</p>



<div style="height:100px" aria-hidden="true" class="wp-block-spacer"></div>



<p><a href="http://www.gdansk.baptysci.pl/index.php/noclegi/" data-type="URL" data-id="http://www.gdansk.baptysci.pl/index.php/noclegi/">&lt;&lt; powrót do <strong>Noclegi</strong></a></p>

<p>Możliwość wynajęcia pokoju jednoosobowego lub dwuosobowego dla studenta w Akademiku!W standardzie podstawowym ze wspólną łazienką damską lub męską.Wspólna kuchnia na tym samym poziomie. Możliwość skorzystania z naczyń.W Holu kącik wypoczynkowy. Możliwość skorzystania z deski do prasowania i żelazka.W łazienkach pralki automatyczne. &lt;&lt; powrót do Noclegi</p>
